Last updated on 2025-05-08 04:52:14 CEST.
Flavor | Version | Tinstall | Tcheck | Ttotal | Status | Flags |
---|---|---|---|---|---|---|
r-devel-linux-x86_64-debian-clang | 0.10.1 | 703.54 | 42.50 | 746.04 | OK | |
r-devel-linux-x86_64-debian-gcc | 0.10.1 | 540.19 | 32.73 | 572.92 | OK | |
r-devel-linux-x86_64-fedora-clang | 0.10.1 | 1295.96 | OK | |||
r-devel-linux-x86_64-fedora-gcc | 0.10.1 | 1287.81 | OK | |||
r-devel-windows-x86_64 | 0.10.1 | 423.00 | 173.00 | 596.00 | OK | |
r-patched-linux-x86_64 | 0.10.1 | 702.05 | 38.42 | 740.47 | OK | |
r-release-linux-x86_64 | 0.10.1 | 699.43 | 39.07 | 738.50 | OK | |
r-release-macos-arm64 | 0.10.1 | 254.00 | OK | |||
r-release-macos-x86_64 | 0.10.1 | 274.00 | OK | |||
r-release-windows-x86_64 | 0.10.1 | 440.00 | 165.00 | 605.00 | OK | |
r-oldrel-macos-arm64 | 0.10.1 | 226.00 | NOTE | |||
r-oldrel-macos-x86_64 | 0.10.1 | 227.00 | NOTE | |||
r-oldrel-windows-x86_64 | 0.10.1 | 487.00 | 266.00 | 753.00 | NOTE |
Version: 0.10.1
Check: installed package size
Result: NOTE
installed size is 29.6Mb
sub-directories of 1Mb or more:
libs 29.4Mb
Flavors: r-oldrel-macos-arm64, r-oldrel-macos-x86_64, r-oldrel-windows-x86_64
These binaries (installable software) and packages are in development.
They may not be fully stable and should be used with caution. We make no claims about them.