Last updated on 2024-07-27 15:50:29 CEST.
Flavor | Version | Tinstall | Tcheck | Ttotal | Status | Flags |
---|---|---|---|---|---|---|
r-devel-linux-x86_64-debian-clang | 0.8.1 | 784.33 | 44.30 | 828.63 | OK | |
r-devel-linux-x86_64-debian-gcc | 0.8.1 | OK | ||||
r-devel-linux-x86_64-fedora-clang | 0.8.1 | 1312.23 | NOTE | |||
r-devel-linux-x86_64-fedora-gcc | 0.8.1 | 1313.48 | OK | |||
r-devel-windows-x86_64 | 0.8.1 | 415.00 | 130.00 | 545.00 | NOTE | |
r-patched-linux-x86_64 | 0.8.1 | OK | ||||
r-release-linux-x86_64 | 0.8.1 | 790.53 | 41.91 | 832.44 | OK | |
r-release-macos-arm64 | 0.8.1 | 255.00 | NOTE | |||
r-release-macos-x86_64 | 0.8.1 | 226.00 | NOTE | |||
r-release-windows-x86_64 | 0.8.1 | 484.00 | 181.00 | 665.00 | NOTE | |
r-oldrel-macos-arm64 | 0.8.1 | 212.00 | ERROR | |||
r-oldrel-macos-x86_64 | 0.8.1 | 303.00 | ERROR | |||
r-oldrel-windows-x86_64 | 0.8.1 | 424.00 | 216.00 | 640.00 | NOTE |
Version: 0.8.1
Check: installed package size
Result: NOTE
installed size is 19.2Mb
sub-directories of 1Mb or more:
libs 18.9Mb
Flavors: r-devel-linux-x86_64-fedora-clang, r-devel-windows-x86_64, r-release-macos-arm64, r-release-macos-x86_64, r-release-windows-x86_64, r-oldrel-macos-arm64, r-oldrel-macos-x86_64, r-oldrel-windows-x86_64
Version: 0.8.1
Check: running R code from vignettes
Result: ERROR
Errors in running code in vignettes:
when running code in ‘knitr.Rmd’
...
derive {mpg_int = math.round 0 mpg}
take 3
```
````
> cat("````markdown", knitr::knit_child(text = src_with_con,
+ quiet = TRUE), "````", sep = "")
When sourcing ‘knitr.R’:
Error: character argument expected
Execution halted
‘knitr.Rmd’ using ‘UTF-8’... failed
‘prqlr.Rmd’ using ‘UTF-8’... [3s/3s] OK
Flavor: r-oldrel-macos-arm64
Version: 0.8.1
Check: running R code from vignettes
Result: ERROR
Errors in running code in vignettes:
when running code in ‘knitr.Rmd’
...
derive {mpg_int = math.round 0 mpg}
take 3
```
````
> cat("````markdown", knitr::knit_child(text = src_with_con,
+ quiet = TRUE), "````", sep = "")
When sourcing ‘knitr.R’:
Error: character argument expected
Execution halted
‘knitr.Rmd’ using ‘UTF-8’... failed
‘prqlr.Rmd’ using ‘UTF-8’... [5s/11s] OK
Flavor: r-oldrel-macos-x86_64
These binaries (installable software) and packages are in development.
They may not be fully stable and should be used with caution. We make no claims about them.