Last updated on 2025-10-23 17:50:58 CEST.
Flavor | Version | Tinstall | Tcheck | Ttotal | Status | Flags |
---|---|---|---|---|---|---|
r-devel-linux-x86_64-debian-clang | 0.10.1 | 691.94 | 44.61 | 736.55 | OK | |
r-devel-linux-x86_64-debian-gcc | 0.10.1 | 549.25 | 35.02 | 584.27 | OK | |
r-devel-linux-x86_64-fedora-clang | 0.10.1 | 432.00 | 758.61 | 1190.61 | OK | |
r-devel-linux-x86_64-fedora-gcc | 0.10.1 | 496.00 | 722.92 | 1218.92 | OK | |
r-devel-windows-x86_64 | 0.10.1 | 430.00 | 162.00 | 592.00 | OK | |
r-patched-linux-x86_64 | 0.10.1 | 699.44 | 39.88 | 739.32 | OK | |
r-release-linux-x86_64 | 0.10.1 | 693.18 | 40.47 | 733.65 | OK | |
r-release-macos-arm64 | 0.10.1 | 197.00 | 57.00 | 254.00 | OK | |
r-release-macos-x86_64 | 0.10.1 | 219.00 | 55.00 | 274.00 | OK | |
r-release-windows-x86_64 | 0.10.1 | 441.00 | 163.00 | 604.00 | OK | |
r-oldrel-macos-arm64 | 0.10.1 | 179.00 | 47.00 | 226.00 | NOTE | |
r-oldrel-macos-x86_64 | 0.10.1 | 168.00 | 59.00 | 227.00 | NOTE | |
r-oldrel-windows-x86_64 | 0.10.1 | 484.00 | 271.00 | 755.00 | NOTE |
Version: 0.10.1
Check: installed package size
Result: NOTE
installed size is 29.6Mb
sub-directories of 1Mb or more:
libs 29.4Mb
Flavors: r-oldrel-macos-arm64, r-oldrel-macos-x86_64, r-oldrel-windows-x86_64
These binaries (installable software) and packages are in development.
They may not be fully stable and should be used with caution. We make no claims about them.