CRAN Package Check Results for Package prt

Last updated on 2025-05-01 12:49:37 CEST.

Flavor Version Tinstall Tcheck Ttotal Status Flags
r-devel-linux-x86_64-debian-clang 0.2.0 4.51 65.04 69.55 NOTE
r-devel-linux-x86_64-debian-gcc 0.2.0 3.17 45.12 48.29 NOTE
r-devel-linux-x86_64-fedora-clang 0.2.0 98.22 OK
r-devel-linux-x86_64-fedora-gcc 0.2.0 102.71 OK
r-devel-windows-x86_64 0.2.0 6.00 67.00 73.00 NOTE
r-patched-linux-x86_64 0.2.0 4.79 52.88 57.67 NOTE
r-release-linux-x86_64 NOTE
r-release-macos-arm64 0.2.0 43.00 OK
r-release-macos-x86_64 0.2.0 74.00 OK
r-release-windows-x86_64 0.2.0 5.00 76.00 81.00 NOTE
r-oldrel-macos-arm64 0.2.0 36.00 OK
r-oldrel-macos-x86_64 0.2.0 59.00 OK
r-oldrel-windows-x86_64 0.2.0 7.00 80.00 87.00 OK

Check Details

Version: 0.2.0
Check: Rd cross-references
Result: NOTE Found the following Rd file(s) with Rd \link{} targets missing package anchors: formatting.Rd: tbl_format_setup Please provide package anchors for all Rd \link{} targets not in the package itself and the base packages. Flavors: r-devel-linux-x86_64-debian-clang, r-devel-linux-x86_64-debian-gcc, r-devel-windows-x86_64, r-patched-linux-x86_64, r-release-linux-x86_64, r-release-windows-x86_64

These binaries (installable software) and packages are in development.
They may not be fully stable and should be used with caution. We make no claims about them.