Last updated on 2025-02-16 08:50:57 CET.
Flavor | Version | Tinstall | Tcheck | Ttotal | Status | Flags |
---|---|---|---|---|---|---|
r-devel-linux-x86_64-debian-clang | 0.1.6 | 27.52 | 40.85 | 68.37 | NOTE | |
r-devel-linux-x86_64-debian-gcc | 0.1.6 | 20.53 | 30.59 | 51.12 | NOTE | |
r-devel-linux-x86_64-fedora-clang | 0.1.6 | 125.37 | NOTE | |||
r-devel-linux-x86_64-fedora-gcc | 0.1.6 | 123.75 | NOTE | |||
r-devel-macos-arm64 | 0.1.6 | 37.00 | NOTE | |||
r-devel-macos-x86_64 | 0.1.6 | 61.00 | NOTE | |||
r-devel-windows-x86_64 | 0.1.6 | 33.00 | 88.00 | 121.00 | NOTE | |
r-patched-linux-x86_64 | 0.1.6 | 29.88 | 37.78 | 67.66 | OK | |
r-release-linux-x86_64 | 0.1.6 | 27.98 | 38.57 | 66.55 | OK | |
r-release-macos-arm64 | 0.1.6 | 37.00 | OK | |||
r-release-macos-x86_64 | 0.1.6 | 52.00 | OK | |||
r-release-windows-x86_64 | 0.1.6 | 34.00 | 93.00 | 127.00 | OK | |
r-oldrel-macos-arm64 | 0.1.6 | 41.00 | OK | |||
r-oldrel-macos-x86_64 | 0.1.6 | 58.00 | OK | |||
r-oldrel-windows-x86_64 | 0.1.6 | 40.00 | 98.00 | 138.00 | OK |
Version: 0.1.6
Check: compiled code
Result: NOTE
File ‘pryr/libs/pryr.so’:
Found non-API calls to R: ‘FRAME’, ‘HASHTAB’, ‘NAMED’, ‘PRCODE’,
‘PRENV’, ‘PRVALUE’, ‘Rf_findVarInFrame3’
Compiled code should not call non-API entry points in R.
See ‘Writing portable packages’ in the ‘Writing R Extensions’ manual,
and section ‘Moving into C API compliance’ for issues with the use of
non-API entry points.
Flavors: r-devel-linux-x86_64-debian-clang, r-devel-linux-x86_64-debian-gcc, r-devel-linux-x86_64-fedora-clang, r-devel-linux-x86_64-fedora-gcc, r-devel-macos-arm64, r-devel-macos-x86_64
Version: 0.1.6
Check: compiled code
Result: NOTE
File 'pryr/libs/x64/pryr.dll':
Found non-API calls to R: 'FRAME', 'HASHTAB', 'NAMED', 'PRCODE',
'PRENV', 'PRVALUE', 'Rf_findVarInFrame3'
Compiled code should not call non-API entry points in R.
See 'Writing portable packages' in the 'Writing R Extensions' manual,
and section 'Moving into C API compliance' for issues with the use of
non-API entry points.
Flavor: r-devel-windows-x86_64
These binaries (installable software) and packages are in development.
They may not be fully stable and should be used with caution. We make no claims about them.