Last updated on 2025-05-08 04:52:14 CEST.
Flavor | Version | Tinstall | Tcheck | Ttotal | Status | Flags |
---|---|---|---|---|---|---|
r-devel-linux-x86_64-debian-clang | 1.1.0 | 1071.97 | 241.10 | 1313.07 | OK | |
r-devel-linux-x86_64-debian-gcc | 1.1.0 | 1063.67 | 250.36 | 1314.03 | OK | |
r-devel-linux-x86_64-fedora-clang | 1.1.0 | 2109.03 | NOTE | |||
r-devel-linux-x86_64-fedora-gcc | 1.1.0 | 3269.28 | NOTE | |||
r-devel-windows-x86_64 | 1.1.0 | 1271.00 | 350.00 | 1621.00 | OK | |
r-patched-linux-x86_64 | 1.1.0 | 1305.44 | 348.44 | 1653.88 | OK | |
r-release-linux-x86_64 | 1.1.0 | 1333.15 | 342.74 | 1675.89 | OK | |
r-release-macos-arm64 | 1.1.0 | 528.00 | OK | |||
r-release-macos-x86_64 | 1.1.0 | 716.00 | OK | |||
r-release-windows-x86_64 | 1.1.0 | 1262.00 | 334.00 | 1596.00 | OK | |
r-oldrel-macos-arm64 | 1.1.0 | 287.00 | NOTE | |||
r-oldrel-macos-x86_64 | 1.1.0 | 239.00 | NOTE | |||
r-oldrel-windows-x86_64 | 1.1.0 | 1418.00 | 428.00 | 1846.00 | NOTE |
Version: 1.1.0
Check: dependencies in R code
Result: NOTE
Namespaces in Imports field not imported from:
‘RcppParallel’ ‘rstantools’
All declared Imports should be used.
Flavors: r-devel-linux-x86_64-fedora-clang, r-devel-linux-x86_64-fedora-gcc
Version: 1.1.0
Check: installed package size
Result: NOTE
installed size is 136.3Mb
sub-directories of 1Mb or more:
libs 135.8Mb
Flavors: r-oldrel-macos-arm64, r-oldrel-macos-x86_64, r-oldrel-windows-x86_64
Version: 1.1.0
Check: for GNU extensions in Makefiles
Result: NOTE
GNU make is a SystemRequirements.
Flavors: r-oldrel-macos-arm64, r-oldrel-macos-x86_64, r-oldrel-windows-x86_64
These binaries (installable software) and packages are in development.
They may not be fully stable and should be used with caution. We make no claims about them.