Last updated on 2024-07-27 15:50:29 CEST.
Flavor | Version | Tinstall | Tcheck | Ttotal | Status | Flags |
---|---|---|---|---|---|---|
r-devel-linux-x86_64-debian-clang | 1.1.0 | 1370.18 | 318.39 | 1688.57 | NOTE | |
r-devel-linux-x86_64-debian-gcc | 1.1.0 | NOTE | ||||
r-devel-linux-x86_64-fedora-clang | 1.1.0 | 2211.02 | NOTE | |||
r-devel-linux-x86_64-fedora-gcc | 1.1.0 | 3206.33 | NOTE | |||
r-devel-windows-x86_64 | 1.1.0 | 1140.00 | 339.00 | 1479.00 | NOTE | |
r-patched-linux-x86_64 | 1.1.0 | NOTE | ||||
r-release-linux-x86_64 | 1.1.0 | 1108.18 | 435.57 | 1543.75 | NOTE | |
r-release-macos-arm64 | 1.1.0 | 518.00 | NOTE | |||
r-release-macos-x86_64 | 1.1.0 | 541.00 | NOTE | |||
r-release-windows-x86_64 | 1.1.0 | 1170.00 | 330.00 | 1500.00 | NOTE | |
r-oldrel-macos-arm64 | 1.1.0 | 565.00 | NOTE | |||
r-oldrel-macos-x86_64 | 1.1.0 | 551.00 | NOTE | |||
r-oldrel-windows-x86_64 | 1.1.0 | 1408.00 | 403.00 | 1811.00 | NOTE |
Version: 1.1.0
Check: for GNU extensions in Makefiles
Result: NOTE
GNU make is a SystemRequirements.
Flavors: r-devel-linux-x86_64-debian-clang, r-devel-linux-x86_64-debian-gcc, r-devel-linux-x86_64-fedora-clang, r-devel-linux-x86_64-fedora-gcc, r-devel-windows-x86_64, r-patched-linux-x86_64, r-release-linux-x86_64, r-release-macos-arm64, r-release-macos-x86_64, r-release-windows-x86_64, r-oldrel-macos-arm64, r-oldrel-macos-x86_64, r-oldrel-windows-x86_64
Version: 1.1.0
Check: installed package size
Result: NOTE
installed size is 12.2Mb
sub-directories of 1Mb or more:
libs 11.7Mb
Flavors: r-devel-linux-x86_64-fedora-clang, r-devel-windows-x86_64, r-release-macos-arm64, r-release-macos-x86_64, r-release-windows-x86_64, r-oldrel-macos-arm64, r-oldrel-macos-x86_64, r-oldrel-windows-x86_64
Version: 1.1.0
Check: dependencies in R code
Result: NOTE
Namespaces in Imports field not imported from:
‘RcppParallel’ ‘rstantools’
All declared Imports should be used.
Flavors: r-devel-linux-x86_64-fedora-clang, r-devel-linux-x86_64-fedora-gcc
These binaries (installable software) and packages are in development.
They may not be fully stable and should be used with caution. We make no claims about them.