Last updated on 2025-07-26 01:51:00 CEST.
Flavor | Version | Tinstall | Tcheck | Ttotal | Status | Flags |
---|---|---|---|---|---|---|
r-devel-linux-x86_64-debian-clang | 2.0.7 | 74.62 | 123.59 | 198.21 | OK | |
r-devel-linux-x86_64-debian-gcc | 2.0.7 | 54.71 | 87.21 | 141.92 | OK | |
r-devel-linux-x86_64-fedora-clang | 2.0.7 | 349.01 | OK | |||
r-devel-linux-x86_64-fedora-gcc | 2.0.7 | 328.25 | OK | |||
r-devel-windows-x86_64 | 2.0.7 | 82.00 | 156.00 | 238.00 | OK | |
r-patched-linux-x86_64 | 2.0.7 | 71.77 | 114.16 | 185.93 | OK | |
r-release-linux-x86_64 | 2.0.7 | 68.20 | 112.46 | 180.66 | OK | |
r-release-macos-arm64 | 2.0.7 | 90.00 | OK | |||
r-release-macos-x86_64 | 2.0.7 | 138.00 | OK | |||
r-release-windows-x86_64 | 2.0.7 | 85.00 | 141.00 | 226.00 | OK | |
r-oldrel-macos-arm64 | 2.0.7 | 60.00 | NOTE | |||
r-oldrel-macos-x86_64 | 2.0.7 | 141.00 | NOTE | |||
r-oldrel-windows-x86_64 | 2.0.7 | 101.00 | 184.00 | 285.00 | OK |
Version: 2.0.7
Check: installed package size
Result: NOTE
installed size is 6.1Mb
sub-directories of 1Mb or more:
libs 5.5Mb
Flavors: r-oldrel-macos-arm64, r-oldrel-macos-x86_64
These binaries (installable software) and packages are in development.
They may not be fully stable and should be used with caution. We make no claims about them.