Last updated on 2024-07-27 15:50:29 CEST.
Flavor | Version | Tinstall | Tcheck | Ttotal | Status | Flags |
---|---|---|---|---|---|---|
r-devel-linux-x86_64-debian-clang | 2.0.7 | 91.72 | 138.46 | 230.18 | OK | |
r-devel-linux-x86_64-debian-gcc | 2.0.7 | OK | ||||
r-devel-linux-x86_64-fedora-clang | 2.0.7 | 376.94 | OK | |||
r-devel-linux-x86_64-fedora-gcc | 2.0.7 | 335.79 | OK | |||
r-devel-windows-x86_64 | 2.0.7 | 77.00 | 134.00 | 211.00 | OK | |
r-patched-linux-x86_64 | 2.0.7 | OK | ||||
r-release-linux-x86_64 | 2.0.7 | 67.45 | 134.51 | 201.96 | OK | |
r-release-macos-arm64 | 2.0.7 | 60.00 | NOTE | |||
r-release-macos-x86_64 | 2.0.7 | 141.00 | NOTE | |||
r-release-windows-x86_64 | 2.0.7 | 92.00 | 136.00 | 228.00 | OK | |
r-oldrel-macos-arm64 | 2.0.7 | 153.00 | NOTE | |||
r-oldrel-macos-x86_64 | 2.0.7 | 164.00 | NOTE | |||
r-oldrel-windows-x86_64 | 2.0.7 | 99.00 | 165.00 | 264.00 | OK |
Version: 2.0.7
Check: installed package size
Result: NOTE
installed size is 6.1Mb
sub-directories of 1Mb or more:
libs 5.5Mb
Flavors: r-release-macos-arm64, r-release-macos-x86_64, r-oldrel-macos-arm64, r-oldrel-macos-x86_64
These binaries (installable software) and packages are in development.
They may not be fully stable and should be used with caution. We make no claims about them.