Last updated on 2025-11-12 18:50:42 CET.
| Flavor | Version | Tinstall | Tcheck | Ttotal | Status | Flags |
|---|---|---|---|---|---|---|
| r-devel-linux-x86_64-debian-clang | 0.0.4.0 | 14.49 | 127.21 | 141.70 | OK | |
| r-devel-linux-x86_64-debian-gcc | 0.0.4.0 | 9.06 | 91.20 | 100.26 | OK | |
| r-devel-linux-x86_64-fedora-clang | 0.0.4.0 | 29.00 | 212.52 | 241.52 | OK | |
| r-devel-linux-x86_64-fedora-gcc | 0.0.4.0 | 31.00 | 198.86 | 229.86 | OK | |
| r-devel-windows-x86_64 | 0.0.4.0 | 20.00 | 164.00 | 184.00 | OK | |
| r-patched-linux-x86_64 | 0.0.4.0 | 15.70 | 125.07 | 140.77 | OK | |
| r-release-linux-x86_64 | 0.0.4.0 | 12.93 | 123.64 | 136.57 | OK | |
| r-release-macos-arm64 | 0.0.4.0 | 5.00 | 72.00 | 77.00 | OK | |
| r-release-macos-x86_64 | 0.0.4.0 | 13.00 | 135.00 | 148.00 | OK | |
| r-release-windows-x86_64 | 0.0.4.0 | 19.00 | 158.00 | 177.00 | OK | |
| r-oldrel-macos-arm64 | 0.0.4.0 | 6.00 | 65.00 | 71.00 | NOTE | |
| r-oldrel-macos-x86_64 | 0.0.4.0 | 14.00 | 131.00 | 145.00 | NOTE | |
| r-oldrel-windows-x86_64 | 0.0.4.0 | 23.00 | 194.00 | 217.00 | NOTE |
Version: 0.0.4.0
Check: package dependencies
Result: NOTE
Package suggested but not available for checking: ‘cmdstanr’
Flavors: r-oldrel-macos-arm64, r-oldrel-macos-x86_64, r-oldrel-windows-x86_64
Version: 0.0.4.0
Check: installed package size
Result: NOTE
installed size is 5.4Mb
sub-directories of 1Mb or more:
doc 3.9Mb
Flavors: r-oldrel-macos-arm64, r-oldrel-macos-x86_64, r-oldrel-windows-x86_64
These binaries (installable software) and packages are in development.
They may not be fully stable and should be used with caution. We make no claims about them.