CRAN Package Check Results for Package psd

Last updated on 2025-11-12 18:50:42 CET.

Flavor Version Tinstall Tcheck Ttotal Status Flags
r-devel-linux-x86_64-debian-clang 2.1.2 30.15 100.54 130.69 OK
r-devel-linux-x86_64-debian-gcc 2.1.2 20.71 73.40 94.11 OK
r-devel-linux-x86_64-fedora-clang 2.1.2 52.00 150.58 202.58 OK
r-devel-linux-x86_64-fedora-gcc 2.1.2 91.00 123.96 214.96 OK
r-devel-windows-x86_64 2.1.2 37.00 196.00 233.00 OK
r-patched-linux-x86_64 2.1.2 32.14 98.65 130.79 OK
r-release-linux-x86_64 2.1.2 27.23 96.75 123.98 OK
r-release-macos-arm64 2.1.2 14.00 96.00 110.00 OK
r-release-macos-x86_64 2.1.2 20.00 144.00 164.00 OK
r-release-windows-x86_64 2.1.2 35.00 186.00 221.00 OK
r-oldrel-macos-arm64 2.1.2 13.00 92.00 105.00 NOTE
r-oldrel-macos-x86_64 2.1.2 18.00 149.00 167.00 NOTE
r-oldrel-windows-x86_64 2.1.2 43.00 206.00 249.00 OK

Check Details

Version: 2.1.2
Check: installed package size
Result: NOTE installed size is 5.2Mb sub-directories of 1Mb or more: doc 1.6Mb libs 3.0Mb Flavors: r-oldrel-macos-arm64, r-oldrel-macos-x86_64

These binaries (installable software) and packages are in development.
They may not be fully stable and should be used with caution. We make no claims about them.