CRAN Package Check Results for Package pseudobibeR

Last updated on 2025-05-01 14:49:19 CEST.

Flavor Version Tinstall Tcheck Ttotal Status Flags
r-devel-linux-x86_64-debian-clang 1.2 3.25 44.49 47.74 NOTE
r-devel-linux-x86_64-debian-gcc 1.2 2.21 32.54 34.75 OK
r-devel-linux-x86_64-fedora-clang 1.2 80.02 OK
r-devel-linux-x86_64-fedora-gcc 1.2 74.44 OK
r-devel-windows-x86_64 1.2 5.00 61.00 66.00 OK
r-patched-linux-x86_64 1.2 2.89 41.19 44.08 OK
r-release-linux-x86_64 OK
r-release-macos-arm64 1.2 35.00 OK
r-release-macos-x86_64 1.2 51.00 OK
r-release-windows-x86_64 1.2 5.00 64.00 69.00 OK
r-oldrel-macos-arm64 1.2 31.00 OK
r-oldrel-macos-x86_64 1.2 48.00 OK
r-oldrel-windows-x86_64 1.2 6.00 68.00 74.00 OK

Check Details

Version: 1.2
Check: examples
Result: NOTE Examples with CPU (user + system) or elapsed time > 5s user system elapsed biber 5.274 0.342 6.158 Flavor: r-devel-linux-x86_64-debian-clang

These binaries (installable software) and packages are in development.
They may not be fully stable and should be used with caution. We make no claims about them.