Last updated on 2025-11-11 15:50:43 CET.
| Flavor | Version | Tinstall | Tcheck | Ttotal | Status | Flags |
|---|---|---|---|---|---|---|
| r-devel-linux-x86_64-debian-clang | 0.1.1 | 4.47 | 49.93 | 54.40 | NOTE | |
| r-devel-linux-x86_64-debian-gcc | 0.1.1 | 3.50 | 37.28 | 40.78 | NOTE | |
| r-devel-linux-x86_64-fedora-clang | 0.1.1 | 82.67 | NOTE | |||
| r-devel-linux-x86_64-fedora-gcc | 0.1.1 | 13.00 | 82.90 | 95.90 | NOTE | |
| r-devel-windows-x86_64 | 0.1.1 | 7.00 | 64.00 | 71.00 | NOTE | |
| r-patched-linux-x86_64 | 0.1.1 | 4.36 | 47.55 | 51.91 | NOTE | |
| r-release-linux-x86_64 | 0.1.1 | 4.37 | 46.80 | 51.17 | NOTE | |
| r-release-macos-arm64 | 0.1.1 | 3.00 | 33.00 | 36.00 | NOTE | |
| r-release-macos-x86_64 | 0.1.1 | 7.00 | 76.00 | 83.00 | NOTE | |
| r-release-windows-x86_64 | 0.1.1 | 7.00 | 61.00 | 68.00 | NOTE | |
| r-oldrel-macos-arm64 | 0.1.1 | 3.00 | 33.00 | 36.00 | OK | |
| r-oldrel-macos-x86_64 | 0.1.1 | 5.00 | 63.00 | 68.00 | OK | |
| r-oldrel-windows-x86_64 | 0.1.1 | 9.00 | 77.00 | 86.00 | OK |
Version: 0.1.1
Check: DESCRIPTION meta-information
Result: NOTE
Missing dependency on R >= 4.1.0 because package code uses the pipe
|> or function shorthand \(...) syntax added in R 4.1.0.
File(s) using such syntax:
‘pseudohouseholds.R’
Flavors: r-devel-linux-x86_64-debian-clang, r-devel-linux-x86_64-debian-gcc, r-devel-linux-x86_64-fedora-clang, r-devel-linux-x86_64-fedora-gcc, r-devel-windows-x86_64, r-patched-linux-x86_64, r-release-linux-x86_64, r-release-macos-arm64, r-release-macos-x86_64, r-release-windows-x86_64
These binaries (installable software) and packages are in development.
They may not be fully stable and should be used with caution. We make no claims about them.