CRAN Package Check Results for Package pseudohouseholds

Last updated on 2025-02-23 01:51:50 CET.

Flavor Version Tinstall Tcheck Ttotal Status Flags
r-devel-linux-x86_64-debian-clang 0.1.1 4.31 46.85 51.16 NOTE
r-devel-linux-x86_64-debian-gcc 0.1.1 3.79 36.75 40.54 NOTE
r-devel-linux-x86_64-fedora-clang 0.1.1 80.89 NOTE
r-devel-linux-x86_64-fedora-gcc 0.1.1 92.51 NOTE
r-devel-macos-arm64 0.1.1 37.00 OK
r-devel-macos-x86_64 0.1.1 75.00 NOTE
r-devel-windows-x86_64 0.1.1 6.00 68.00 74.00 NOTE
r-patched-linux-x86_64 0.1.1 5.35 42.26 47.61 OK
r-release-linux-x86_64 0.1.1 4.73 42.87 47.60 OK
r-release-macos-arm64 0.1.1 36.00 OK
r-release-macos-x86_64 0.1.1 68.00 OK
r-release-windows-x86_64 0.1.1 8.00 70.00 78.00 OK
r-oldrel-macos-arm64 0.1.1 35.00 OK
r-oldrel-macos-x86_64 0.1.1 51.00 OK
r-oldrel-windows-x86_64 0.1.1 8.00 72.00 80.00 OK

Check Details

Version: 0.1.1
Check: DESCRIPTION meta-information
Result: NOTE Missing dependency on R >= 4.1.0 because package code uses the pipe |> or function shorthand \(...) syntax added in R 4.1.0. File(s) using such syntax: ‘pseudohouseholds.R’ Flavors: r-devel-linux-x86_64-debian-clang, r-devel-linux-x86_64-debian-gcc, r-devel-linux-x86_64-fedora-clang, r-devel-linux-x86_64-fedora-gcc, r-devel-macos-x86_64, r-devel-windows-x86_64

These binaries (installable software) and packages are in development.
They may not be fully stable and should be used with caution. We make no claims about them.