Last updated on 2025-05-01 14:49:19 CEST.
Flavor | Version | Tinstall | Tcheck | Ttotal | Status | Flags |
---|---|---|---|---|---|---|
r-devel-linux-x86_64-debian-clang | 1.4.0 | 27.80 | 281.65 | 309.45 | NOTE | |
r-devel-linux-x86_64-debian-gcc | 1.4.0 | 17.99 | 193.60 | 211.59 | OK | |
r-devel-linux-x86_64-fedora-clang | 1.4.0 | 503.51 | OK | |||
r-devel-linux-x86_64-fedora-gcc | 1.4.0 | 465.86 | OK | |||
r-devel-windows-x86_64 | 1.4.0 | 29.00 | 262.00 | 291.00 | OK | |
r-patched-linux-x86_64 | 1.4.0 | 26.26 | 263.88 | 290.14 | OK | |
r-release-linux-x86_64 | OK | |||||
r-release-macos-arm64 | 1.4.0 | 124.00 | OK | |||
r-release-macos-x86_64 | 1.4.0 | 249.00 | OK | |||
r-release-windows-x86_64 | 1.4.0 | 30.00 | 267.00 | 297.00 | OK | |
r-oldrel-macos-arm64 | 1.4.0 | 118.00 | OK | |||
r-oldrel-macos-x86_64 | 1.4.0 | 188.00 | OK | |||
r-oldrel-windows-x86_64 | 1.4.0 | 37.00 | 354.00 | 391.00 | OK |
Version: 1.4.0
Check: examples
Result: NOTE
Examples with CPU (user + system) or elapsed time > 5s
user system elapsed
psfmi_validate 4.283 0.028 5.533
Flavor: r-devel-linux-x86_64-debian-clang
These binaries (installable software) and packages are in development.
They may not be fully stable and should be used with caution. We make no claims about them.