Last updated on 2025-10-03 01:49:57 CEST.
Flavor | Version | Tinstall | Tcheck | Ttotal | Status | Flags |
---|---|---|---|---|---|---|
r-devel-linux-x86_64-debian-clang | 0.3-24 | 178.30 | 103.20 | 281.50 | OK | |
r-devel-linux-x86_64-debian-gcc | 0.3-25 | 99.96 | 74.73 | 174.69 | OK | |
r-devel-linux-x86_64-fedora-clang | 0.3-25 | 703.91 | OK | |||
r-devel-linux-x86_64-fedora-gcc | 0.3-25 | 442.35 | OK | |||
r-devel-windows-x86_64 | 0.3-25 | 228.00 | 129.00 | 357.00 | OK | |
r-patched-linux-x86_64 | 0.3-25 | 167.22 | 99.95 | 267.17 | OK | |
r-release-linux-x86_64 | 0.3-24 | 164.68 | 98.47 | 263.15 | OK | |
r-release-macos-arm64 | 0.3-23 | 99.00 | OK | |||
r-release-macos-x86_64 | 0.3-25 | 222.00 | OK | |||
r-release-windows-x86_64 | 0.3-25 | 214.00 | 129.00 | 343.00 | OK | |
r-oldrel-macos-arm64 | 0.3-23 | 96.00 | NOTE | |||
r-oldrel-macos-x86_64 | 0.3-25 | 250.00 | NOTE | |||
r-oldrel-windows-x86_64 | 0.3-25 | 196.00 | 159.00 | 355.00 | OK |
Version: 0.3-23
Check: installed package size
Result: NOTE
installed size is 7.4Mb
sub-directories of 1Mb or more:
libs 7.3Mb
Flavor: r-oldrel-macos-arm64
Version: 0.3-25
Check: installed package size
Result: NOTE
installed size is 7.5Mb
sub-directories of 1Mb or more:
libs 7.4Mb
Flavor: r-oldrel-macos-x86_64
These binaries (installable software) and packages are in development.
They may not be fully stable and should be used with caution. We make no claims about them.