Last updated on 2025-11-12 21:49:47 CET.
| Flavor | Version | Tinstall | Tcheck | Ttotal | Status | Flags |
|---|---|---|---|---|---|---|
| r-devel-linux-x86_64-debian-clang | 0.3-25 | 180.15 | 106.04 | 286.19 | OK | |
| r-devel-linux-x86_64-debian-gcc | 0.3-25 | 98.60 | 75.20 | 173.80 | OK | |
| r-devel-linux-x86_64-fedora-clang | 0.3-25 | 250.00 | 666.66 | 916.66 | OK | |
| r-devel-linux-x86_64-fedora-gcc | 0.3-25 | 276.00 | 195.08 | 471.08 | OK | |
| r-devel-windows-x86_64 | 0.3-25 | 247.00 | 125.00 | 372.00 | OK | |
| r-patched-linux-x86_64 | 0.3-25 | 162.10 | 102.08 | 264.18 | OK | |
| r-release-linux-x86_64 | 0.3-25 | 158.41 | 100.41 | 258.82 | OK | |
| r-release-macos-arm64 | 0.3-25 | 59.00 | 46.00 | 105.00 | OK | |
| r-release-macos-x86_64 | 0.3-25 | 92.00 | 130.00 | 222.00 | OK | |
| r-release-windows-x86_64 | 0.3-25 | 232.00 | 127.00 | 359.00 | OK | |
| r-oldrel-macos-arm64 | 0.3-25 | 53.00 | 49.00 | 102.00 | NOTE | |
| r-oldrel-macos-x86_64 | 0.3-25 | 94.00 | 156.00 | 250.00 | NOTE | |
| r-oldrel-windows-x86_64 | 0.3-25 | 280.00 | 167.00 | 447.00 | OK |
Version: 0.3-25
Check: installed package size
Result: NOTE
installed size is 7.3Mb
sub-directories of 1Mb or more:
libs 7.2Mb
Flavors: r-oldrel-macos-arm64, r-oldrel-macos-x86_64
These binaries (installable software) and packages are in development.
They may not be fully stable and should be used with caution. We make no claims about them.