Last updated on 2024-07-27 15:50:29 CEST.
Flavor | Version | Tinstall | Tcheck | Ttotal | Status | Flags |
---|---|---|---|---|---|---|
r-devel-linux-x86_64-debian-clang | 1.0.2 | 10.79 | 92.70 | 103.49 | NOTE | |
r-devel-linux-x86_64-debian-gcc | 1.0.2 | NOTE | ||||
r-devel-linux-x86_64-fedora-clang | 1.0.2 | 133.67 | NOTE | |||
r-devel-linux-x86_64-fedora-gcc | 1.0.2 | 123.46 | NOTE | |||
r-devel-windows-x86_64 | 1.0.2 | 9.00 | 81.00 | 90.00 | NOTE | |
r-patched-linux-x86_64 | 1.0.2 | NOTE | ||||
r-release-linux-x86_64 | 1.0.2 | 8.72 | 86.55 | 95.27 | NOTE | |
r-release-macos-arm64 | 1.0.2 | 38.00 | NOTE | |||
r-release-macos-x86_64 | 1.0.2 | 78.00 | NOTE | |||
r-release-windows-x86_64 | 1.0.2 | 10.00 | 81.00 | 91.00 | NOTE | |
r-oldrel-macos-arm64 | 1.0.2 | 41.00 | NOTE | |||
r-oldrel-macos-x86_64 | 1.0.2 | 66.00 | NOTE | |||
r-oldrel-windows-x86_64 | 1.0.2 | 13.00 | 95.00 | 108.00 | NOTE |
Version: 1.0.2
Check: LazyData
Result: NOTE
'LazyData' is specified without a 'data' directory
Flavors: r-devel-linux-x86_64-debian-clang, r-devel-linux-x86_64-debian-gcc, r-devel-linux-x86_64-fedora-clang, r-devel-linux-x86_64-fedora-gcc, r-devel-windows-x86_64, r-patched-linux-x86_64, r-release-linux-x86_64, r-release-macos-arm64, r-release-macos-x86_64, r-release-windows-x86_64, r-oldrel-macos-arm64, r-oldrel-macos-x86_64, r-oldrel-windows-x86_64
These binaries (installable software) and packages are in development.
They may not be fully stable and should be used with caution. We make no claims about them.