CRAN Package Check Results for Package psica

Last updated on 2025-02-16 08:50:57 CET.

Flavor Version Tinstall Tcheck Ttotal Status Flags
r-devel-linux-x86_64-debian-clang 1.0.2 7.40 71.35 78.75 OK
r-devel-linux-x86_64-debian-gcc 1.0.2 6.88 54.21 61.09 OK
r-devel-linux-x86_64-fedora-clang 1.0.2 131.87 OK
r-devel-linux-x86_64-fedora-gcc 1.0.2 122.40 OK
r-devel-macos-arm64 1.0.2 39.00 OK
r-devel-macos-x86_64 1.0.2 96.00 OK
r-devel-windows-x86_64 1.0.2 9.00 85.00 94.00 OK
r-patched-linux-x86_64 1.0.2 7.18 68.32 75.50 NOTE
r-release-linux-x86_64 1.0.2 8.26 67.63 75.89 NOTE
r-release-macos-arm64 1.0.2 38.00 NOTE
r-release-macos-x86_64 1.0.2 78.00 NOTE
r-release-windows-x86_64 1.0.2 9.00 85.00 94.00 NOTE
r-oldrel-macos-arm64 1.0.2 41.00 NOTE
r-oldrel-macos-x86_64 1.0.2 66.00 NOTE
r-oldrel-windows-x86_64 1.0.2 13.00 92.00 105.00 NOTE

Check Details

Version: 1.0.2
Check: LazyData
Result: NOTE 'LazyData' is specified without a 'data' directory Flavors: r-patched-linux-x86_64, r-release-linux-x86_64, r-release-macos-arm64, r-release-macos-x86_64, r-release-windows-x86_64, r-oldrel-macos-arm64, r-oldrel-macos-x86_64, r-oldrel-windows-x86_64

These binaries (installable software) and packages are in development.
They may not be fully stable and should be used with caution. We make no claims about them.