CRAN Package Check Results for Package psidread

Last updated on 2025-05-01 15:49:40 CEST.

Flavor Version Tinstall Tcheck Ttotal Status Flags
r-devel-linux-x86_64-debian-clang 1.0.3 4.90 47.24 52.14 NOTE
r-devel-linux-x86_64-debian-gcc 1.0.3 3.87 34.06 37.93 NOTE
r-devel-linux-x86_64-fedora-clang 1.0.3 79.97 NOTE
r-devel-linux-x86_64-fedora-gcc 1.0.3 89.65 NOTE
r-devel-windows-x86_64 1.0.3 6.00 65.00 71.00 NOTE
r-patched-linux-x86_64 1.0.3 5.46 42.58 48.04 NOTE
r-release-linux-x86_64 NOTE
r-release-macos-arm64 1.0.3 33.00 NOTE
r-release-macos-x86_64 1.0.3 119.00 NOTE
r-release-windows-x86_64 1.0.3 6.00 68.00 74.00 NOTE
r-oldrel-macos-arm64 1.0.3 34.00 OK
r-oldrel-macos-x86_64 1.0.3 47.00 OK
r-oldrel-windows-x86_64 1.0.3 8.00 72.00 80.00 OK

Check Details

Version: 1.0.3
Check: DESCRIPTION meta-information
Result: NOTE Missing dependency on R >= 4.1.0 because package code uses the pipe |> or function shorthand \(...) syntax added in R 4.1.0. File(s) using such syntax: ‘psid_read.R’ ‘psid_reshape.R’ ‘psid_str.R’ Flavors: r-devel-linux-x86_64-debian-clang, r-devel-linux-x86_64-debian-gcc, r-devel-linux-x86_64-fedora-clang, r-devel-linux-x86_64-fedora-gcc, r-devel-windows-x86_64, r-patched-linux-x86_64, r-release-linux-x86_64, r-release-macos-arm64, r-release-macos-x86_64, r-release-windows-x86_64

These binaries (installable software) and packages are in development.
They may not be fully stable and should be used with caution. We make no claims about them.