CRAN Package Check Results for Package psmineR

Last updated on 2025-02-16 08:50:57 CET.

Flavor Version Tinstall Tcheck Ttotal Status Flags
r-devel-linux-x86_64-debian-clang 0.1.0 7.36 69.65 77.01 NOTE
r-devel-linux-x86_64-debian-gcc 0.1.0 4.97 45.88 50.85 NOTE
r-devel-linux-x86_64-fedora-clang 0.1.0 122.72 OK
r-devel-linux-x86_64-fedora-gcc 0.1.0 107.18 OK
r-devel-macos-arm64 0.1.0 36.00 OK
r-devel-macos-x86_64 0.1.0 99.00 OK
r-devel-windows-x86_64 0.1.0 9.00 74.00 83.00 NOTE
r-patched-linux-x86_64 0.1.0 10.67 60.31 70.98 OK
r-release-linux-x86_64 0.1.0 5.74 60.69 66.43 OK
r-release-macos-arm64 0.1.0 34.00 OK
r-release-macos-x86_64 0.1.0 105.00 OK
r-release-windows-x86_64 0.1.0 10.00 82.00 92.00 OK
r-oldrel-macos-arm64 0.1.0 34.00 OK
r-oldrel-macos-x86_64 0.1.0 48.00 OK
r-oldrel-windows-x86_64 0.1.0 10.00 90.00 100.00 OK

Check Details

Version: 0.1.0
Check: Rd cross-references
Result: NOTE Found the following Rd file(s) with Rd \link{} targets missing package anchors: plot.Rd: ggplot2 ps_aggregated.Rd: ggplot2 ps_detailed.Rd: ggplot2 Please provide package anchors for all Rd \link{} targets not in the package itself and the base packages. Flavors: r-devel-linux-x86_64-debian-clang, r-devel-linux-x86_64-debian-gcc, r-devel-windows-x86_64

These binaries (installable software) and packages are in development.
They may not be fully stable and should be used with caution. We make no claims about them.