CRAN Package Check Results for Package psmineR

Last updated on 2025-05-08 04:52:14 CEST.

Flavor Version Tinstall Tcheck Ttotal Status Flags
r-devel-linux-x86_64-debian-clang 0.1.0 8.18 73.63 81.81 NOTE
r-devel-linux-x86_64-debian-gcc 0.1.0 5.80 51.49 57.29 NOTE
r-devel-linux-x86_64-fedora-clang 0.1.0 121.58 OK
r-devel-linux-x86_64-fedora-gcc 0.1.0 116.46 OK
r-devel-windows-x86_64 0.1.0 9.00 78.00 87.00 NOTE
r-patched-linux-x86_64 0.1.0 8.29 65.90 74.19 NOTE
r-release-linux-x86_64 0.1.0 7.66 66.11 73.77 NOTE
r-release-macos-arm64 0.1.0 36.00 OK
r-release-macos-x86_64 0.1.0 99.00 OK
r-release-windows-x86_64 0.1.0 11.00 79.00 90.00 NOTE
r-oldrel-macos-arm64 0.1.0 34.00 OK
r-oldrel-macos-x86_64 0.1.0 105.00 OK
r-oldrel-windows-x86_64 0.1.0 12.00 97.00 109.00 OK

Check Details

Version: 0.1.0
Check: Rd cross-references
Result: NOTE Found the following Rd file(s) with Rd \link{} targets missing package anchors: plot.Rd: ggplot2 ps_aggregated.Rd: ggplot2 ps_detailed.Rd: ggplot2 Please provide package anchors for all Rd \link{} targets not in the package itself and the base packages. Flavors: r-devel-linux-x86_64-debian-clang, r-devel-linux-x86_64-debian-gcc, r-devel-windows-x86_64, r-patched-linux-x86_64, r-release-linux-x86_64, r-release-windows-x86_64

These binaries (installable software) and packages are in development.
They may not be fully stable and should be used with caution. We make no claims about them.