Last updated on 2024-06-22 21:47:31 CEST.
Flavor | Version | Tinstall | Tcheck | Ttotal | Status | Flags |
---|---|---|---|---|---|---|
r-devel-linux-x86_64-debian-clang | 1.0.0 | 34.92 | 75.49 | 110.41 | NOTE | |
r-devel-linux-x86_64-debian-gcc | 1.0.0 | 26.96 | 50.32 | 77.28 | NOTE | |
r-devel-linux-x86_64-fedora-clang | 1.0.0 | 148.33 | NOTE | |||
r-devel-linux-x86_64-fedora-gcc | 1.0.0 | 148.93 | NOTE | |||
r-devel-windows-x86_64 | 1.0.0 | 32.00 | 87.00 | 119.00 | NOTE | |
r-patched-linux-x86_64 | 1.0.0 | 33.40 | 68.75 | 102.15 | NOTE | |
r-release-linux-x86_64 | 1.0.0 | 30.17 | 71.60 | 101.77 | NOTE | |
r-release-macos-arm64 | 1.0.0 | 34.00 | NOTE | |||
r-release-macos-x86_64 | 1.0.0 | 58.00 | NOTE | |||
r-release-windows-x86_64 | 1.0.0 | 31.00 | 88.00 | 119.00 | NOTE | |
r-oldrel-macos-arm64 | 1.0.0 | 39.00 | OK | |||
r-oldrel-macos-x86_64 | 1.0.0 | 88.00 | OK | |||
r-oldrel-windows-x86_64 | 1.0.0 | 38.00 | 102.00 | 140.00 | OK |
Version: 1.0.0
Check: Rd files
Result: NOTE
checkRd: (-1) pspGlobal.Rd:65-67: Lost braces
65 | \code{population}{The number of parameter sets in each ordinal region,
| ^
checkRd: (-1) pspGlobal.Rd:68: Lost braces
68 | \code{iterations}{The number of global iterations. It has to be an integer. If emph{population} is not set or the regions have population less then the upper bound on their size, the function will stop after the set number of \emph{iterations}.}
| ^
checkRd: (-1) pspGlobal.Rd:68: Lost braces
68 | \code{iterations}{The number of global iterations. It has to be an integer. If emph{population} is not set or the regions have population less then the upper bound on their size, the function will stop after the set number of \emph{iterations}.}
| ^
checkRd: (-1) pspGlobal.Rd:69-71: Lost braces
69 | \code{lower, upper}{Vectors specifiying the lower and upper boundaries of
| ^
checkRd: (-1) pspGlobal.Rd:72-74: Lost braces
72 | \code{init}{A marix of parameters to use as the first jumping distribution.
| ^
checkRd: (-1) pspGlobal.Rd:75-76: Lost braces
75 | \code{radius}{The radius of the hypershere with n-dimensions to sample from.
| ^
checkRd: (-1) pspGlobal.Rd:77-79: Lost braces
77 | \code{parameter_names}{A character vector that includes the names of each parameter.
| ^
checkRd: (-1) pspGlobal.Rd:80-83: Lost braces
80 | \code{dimensionality}{A single integer that specifies the number of
| ^
checkRd: (-1) pspGlobal.Rd:84-85: Lost braces
84 | \code{responses}{It is an integer that specifies the number of continuous
| ^
Flavors: r-devel-linux-x86_64-debian-clang, r-devel-linux-x86_64-debian-gcc, r-devel-linux-x86_64-fedora-clang, r-devel-linux-x86_64-fedora-gcc, r-devel-windows-x86_64, r-patched-linux-x86_64, r-release-linux-x86_64, r-release-macos-arm64, r-release-macos-x86_64, r-release-windows-x86_64
These binaries (installable software) and packages are in development.
They may not be fully stable and should be used with caution. We make no claims about them.