Last updated on 2024-07-27 15:50:29 CEST.
Flavor | Version | Tinstall | Tcheck | Ttotal | Status | Flags |
---|---|---|---|---|---|---|
r-devel-linux-x86_64-debian-clang | 1.1.2 | 26.86 | 225.70 | 252.56 | OK | |
r-devel-linux-x86_64-debian-gcc | 1.1.2 | OK | ||||
r-devel-linux-x86_64-fedora-clang | 1.1.2 | 326.00 | NOTE | |||
r-devel-linux-x86_64-fedora-gcc | 1.1.2 | 302.38 | OK | |||
r-devel-windows-x86_64 | 1.1.2 | 22.00 | 158.00 | 180.00 | OK | |
r-patched-linux-x86_64 | 1.1.2 | OK | ||||
r-release-linux-x86_64 | 1.1.2 | 23.07 | 215.70 | 238.77 | OK | |
r-release-macos-arm64 | 1.1.2 | 87.00 | OK | |||
r-release-macos-x86_64 | 1.1.2 | 163.00 | OK | |||
r-release-windows-x86_64 | 1.1.2 | 23.00 | 158.00 | 181.00 | OK | |
r-oldrel-macos-arm64 | 1.1.2 | 92.00 | OK | |||
r-oldrel-macos-x86_64 | 1.1.2 | 194.00 | OK | |||
r-oldrel-windows-x86_64 | 1.1.2 | 31.00 | 202.00 | 233.00 | OK |
Version: 1.1.2
Check: Rd cross-references
Result: NOTE
Undeclared package ‘spsur’ in Rd xrefs
Flavor: r-devel-linux-x86_64-fedora-clang
These binaries (installable software) and packages are in development.
They may not be fully stable and should be used with caution. We make no claims about them.