Last updated on 2025-05-01 17:56:12 CEST.
Flavor | Version | Tinstall | Tcheck | Ttotal | Status | Flags |
---|---|---|---|---|---|---|
r-devel-linux-x86_64-debian-clang | 1.0-21 | 3.90 | 17.39 | 21.29 | NOTE | |
r-devel-linux-x86_64-debian-gcc | 1.0-21 | 2.72 | 14.25 | 16.97 | NOTE | |
r-devel-linux-x86_64-fedora-clang | 1.0-21 | 34.49 | OK | |||
r-devel-linux-x86_64-fedora-gcc | 1.0-21 | 32.19 | OK | |||
r-devel-windows-x86_64 | 1.0-21 | 6.00 | 41.00 | 47.00 | OK | |
r-patched-linux-x86_64 | 1.0-21 | 3.59 | 16.78 | 20.37 | OK | |
r-release-linux-x86_64 | OK | |||||
r-release-macos-arm64 | 1.0-21 | 18.00 | OK | |||
r-release-macos-x86_64 | 1.0-21 | 41.00 | OK | |||
r-release-windows-x86_64 | 1.0-21 | 6.00 | 45.00 | 51.00 | OK | |
r-oldrel-macos-arm64 | 1.0-21 | 22.00 | OK | |||
r-oldrel-macos-x86_64 | 1.0-21 | 50.00 | OK | |||
r-oldrel-windows-x86_64 | 1.0-20 | 11.00 | 40.00 | 51.00 | OK |
Version: 1.0-21
Check: CRAN incoming feasibility
Result: NOTE
Maintainer: ‘Brian Ripley <Brian.Ripley@R-project.org>’
No Authors@R field in DESCRIPTION.
Please add one, modifying
Authors@R: c(person(given = c("S", "original", "by", "Jim", "Ramsey.", "R", "port", "by", "Brian", "Ripley"),
family = "<Brian.Ripley@R-project.org>.",
role = "aut",
email = "Brian.Ripley@R-project.org"),
person(given = "Brian",
family = "Ripley",
role = "cre",
email = "Brian.Ripley@R-project.org"))
as necessary.
Flavors: r-devel-linux-x86_64-debian-clang, r-devel-linux-x86_64-debian-gcc
These binaries (installable software) and packages are in development.
They may not be fully stable and should be used with caution. We make no claims about them.