CRAN Package Check Results for Package psqn

Last updated on 2025-05-08 04:52:14 CEST.

Flavor Version Tinstall Tcheck Ttotal Status Flags
r-devel-linux-x86_64-debian-clang 0.3.2 52.34 143.13 195.47 OK
r-devel-linux-x86_64-debian-gcc 0.3.2 45.33 105.92 151.25 OK
r-devel-linux-x86_64-fedora-clang 0.3.2 358.47 OK
r-devel-linux-x86_64-fedora-gcc 0.3.2 414.28 OK
r-devel-windows-x86_64 0.3.2 69.00 183.00 252.00 OK
r-patched-linux-x86_64 0.3.2 60.86 139.14 200.00 OK
r-release-linux-x86_64 0.3.2 60.00 143.35 203.35 OK
r-release-macos-arm64 0.3.2 69.00 OK
r-release-macos-x86_64 0.3.2 115.00 OK
r-release-windows-x86_64 0.3.2 69.00 192.00 261.00 OK
r-oldrel-macos-arm64 0.3.2 62.00 NOTE
r-oldrel-macos-x86_64 0.3.2 119.00 NOTE
r-oldrel-windows-x86_64 0.3.2 79.00 225.00 304.00 OK

Check Details

Version: 0.3.2
Check: installed package size
Result: NOTE installed size is 11.4Mb sub-directories of 1Mb or more: libs 10.7Mb Flavors: r-oldrel-macos-arm64, r-oldrel-macos-x86_64

These binaries (installable software) and packages are in development.
They may not be fully stable and should be used with caution. We make no claims about them.