CRAN Package Check Results for Package pssmooth

Last updated on 2025-11-13 21:50:05 CET.

Flavor Version Tinstall Tcheck Ttotal Status Flags
r-devel-linux-x86_64-debian-clang 1.0.3 10.43 93.08 103.51 NOTE
r-devel-linux-x86_64-debian-gcc 1.0.3 7.28 64.18 71.46 NOTE
r-devel-linux-x86_64-fedora-clang 1.0.3 24.00 134.82 158.82 OK
r-devel-linux-x86_64-fedora-gcc 1.0.3 22.00 132.67 154.67 OK
r-devel-windows-x86_64 1.0.3 11.00 93.00 104.00 OK
r-patched-linux-x86_64 1.0.3 10.56 90.07 100.63 OK
r-release-linux-x86_64 1.0.3 8.74 90.23 98.97 OK
r-release-macos-arm64 1.0.3 5.00 44.00 49.00 OK
r-release-macos-x86_64 1.0.3 10.00 81.00 91.00 OK
r-release-windows-x86_64 1.0.3 11.00 92.00 103.00 OK
r-oldrel-macos-arm64 1.0.3 5.00 40.00 45.00 NOTE
r-oldrel-macos-x86_64 1.0.3 7.00 81.00 88.00 NOTE
r-oldrel-windows-x86_64 1.0.3 16.00 118.00 134.00 NOTE

Check Details

Version: 1.0.3
Check: CRAN incoming feasibility
Result: NOTE Maintainer: ‘Michal Juraska <mjuraska@fredhutch.org>’ Package CITATION file contains call(s) to old-style citEntry(). Please use bibentry() instead. Found the following URLs which should use \doi (with the DOI name only): File ‘riskCurve.Rd’: https://doi.org/10.1093/biostatistics/kxy074 File ‘summary.riskCurve.Rd’: https://doi.org/10.1093/biostatistics/kxy074 File ‘testConstancy.Rd’: https://doi.org/10.1093/biostatistics/kxy074 File ‘testEquality.Rd’: https://doi.org/10.1093/biostatistics/kxy074 Flavors: r-devel-linux-x86_64-debian-clang, r-devel-linux-x86_64-debian-gcc

Version: 1.0.3
Check: LazyData
Result: NOTE 'LazyData' is specified without a 'data' directory Flavors: r-oldrel-macos-arm64, r-oldrel-macos-x86_64, r-oldrel-windows-x86_64

These binaries (installable software) and packages are in development.
They may not be fully stable and should be used with caution. We make no claims about them.