Last updated on 2025-07-25 01:49:36 CEST.
Flavor | Version | Tinstall | Tcheck | Ttotal | Status | Flags |
---|---|---|---|---|---|---|
r-devel-linux-x86_64-debian-clang | 0.5.0 | 7.11 | 168.44 | 175.55 | OK | |
r-devel-linux-x86_64-debian-gcc | 0.5.0 | 4.88 | 118.17 | 123.05 | OK | |
r-devel-linux-x86_64-fedora-clang | 0.5.0 | 289.09 | NOTE | |||
r-devel-linux-x86_64-fedora-gcc | 0.5.0 | 274.78 | NOTE | |||
r-devel-windows-x86_64 | 0.5.0 | 10.00 | 189.00 | 199.00 | OK | |
r-patched-linux-x86_64 | 0.5.0 | 7.92 | 161.57 | 169.49 | OK | |
r-release-linux-x86_64 | 0.5.0 | 6.49 | 159.23 | 165.72 | OK | |
r-release-macos-arm64 | 0.5.0 | 78.00 | OK | |||
r-release-macos-x86_64 | 0.5.0 | 154.00 | OK | |||
r-release-windows-x86_64 | 0.5.0 | 9.00 | 167.00 | 176.00 | OK | |
r-oldrel-macos-arm64 | 0.5.0 | 78.00 | OK | |||
r-oldrel-macos-x86_64 | 0.5.0 | 107.00 | OK | |||
r-oldrel-windows-x86_64 | 0.5.0 | 11.00 | 222.00 | 233.00 | OK |
Version: 0.5.0
Check: dependencies in R code
Result: NOTE
Namespaces in Imports field not imported from:
‘lifecycle’ ‘patchwork’
All declared Imports should be used.
Flavors: r-devel-linux-x86_64-fedora-clang, r-devel-linux-x86_64-fedora-gcc
These binaries (installable software) and packages are in development.
They may not be fully stable and should be used with caution. We make no claims about them.