CRAN Package Check Results for Package psycModel

Last updated on 2025-05-08 04:52:15 CEST.

Flavor Version Tinstall Tcheck Ttotal Status Flags
r-devel-linux-x86_64-debian-clang 0.5.0 8.44 170.45 178.89 OK
r-devel-linux-x86_64-debian-gcc 0.5.0 5.34 114.33 119.67 OK
r-devel-linux-x86_64-fedora-clang 0.5.0 289.79 NOTE
r-devel-linux-x86_64-fedora-gcc 0.5.0 297.89 NOTE
r-devel-windows-x86_64 0.5.0 9.00 172.00 181.00 OK
r-patched-linux-x86_64 0.5.0 7.77 159.14 166.91 OK
r-release-linux-x86_64 0.5.0 6.66 160.62 167.28 OK
r-release-macos-arm64 0.5.0 78.00 OK
r-release-macos-x86_64 0.5.0 154.00 OK
r-release-windows-x86_64 0.5.0 10.00 170.00 180.00 OK
r-oldrel-macos-arm64 0.5.0 78.00 OK
r-oldrel-macos-x86_64 0.5.0 107.00 OK
r-oldrel-windows-x86_64 0.5.0 12.00 225.00 237.00 OK

Check Details

Version: 0.5.0
Check: dependencies in R code
Result: NOTE Namespaces in Imports field not imported from: ‘lifecycle’ ‘patchwork’ All declared Imports should be used. Flavors: r-devel-linux-x86_64-fedora-clang, r-devel-linux-x86_64-fedora-gcc

These binaries (installable software) and packages are in development.
They may not be fully stable and should be used with caution. We make no claims about them.