Last updated on 2025-02-16 08:50:57 CET.
Flavor | Version | Tinstall | Tcheck | Ttotal | Status | Flags |
---|---|---|---|---|---|---|
r-devel-linux-x86_64-debian-clang | 0.5.0 | 8.00 | 166.35 | 174.35 | OK | |
r-devel-linux-x86_64-debian-gcc | 0.5.0 | 5.42 | 110.04 | 115.46 | OK | |
r-devel-linux-x86_64-fedora-clang | 0.5.0 | 299.80 | NOTE | |||
r-devel-linux-x86_64-fedora-gcc | 0.5.0 | 276.74 | NOTE | |||
r-devel-macos-arm64 | 0.5.0 | 87.00 | OK | |||
r-devel-macos-x86_64 | 0.5.0 | 154.00 | OK | |||
r-devel-windows-x86_64 | 0.5.0 | 10.00 | 170.00 | 180.00 | OK | |
r-patched-linux-x86_64 | 0.5.0 | 7.81 | 155.00 | 162.81 | OK | |
r-release-linux-x86_64 | 0.5.0 | 7.54 | 153.93 | 161.47 | OK | |
r-release-macos-arm64 | 0.5.0 | 78.00 | OK | |||
r-release-macos-x86_64 | 0.5.0 | 107.00 | OK | |||
r-release-windows-x86_64 | 0.5.0 | 10.00 | 174.00 | 184.00 | OK | |
r-oldrel-macos-arm64 | 0.5.0 | 105.00 | OK | |||
r-oldrel-macos-x86_64 | 0.5.0 | 198.00 | OK | |||
r-oldrel-windows-x86_64 | 0.5.0 | 11.00 | 211.00 | 222.00 | OK |
Version: 0.5.0
Check: dependencies in R code
Result: NOTE
Namespaces in Imports field not imported from:
‘lifecycle’ ‘patchwork’
All declared Imports should be used.
Flavors: r-devel-linux-x86_64-fedora-clang, r-devel-linux-x86_64-fedora-gcc
These binaries (installable software) and packages are in development.
They may not be fully stable and should be used with caution. We make no claims about them.