Last updated on 2025-11-12 18:50:42 CET.
| Flavor | Version | Tinstall | Tcheck | Ttotal | Status | Flags |
|---|---|---|---|---|---|---|
| r-devel-linux-x86_64-debian-clang | 2.5.7.22 | 5.42 | 210.88 | 216.30 | NOTE | |
| r-devel-linux-x86_64-debian-gcc | 2.5.7.22 | 3.62 | 140.75 | 144.37 | NOTE | |
| r-devel-linux-x86_64-fedora-clang | 2.5.7.22 | 323.63 | NOTE | |||
| r-devel-linux-x86_64-fedora-gcc | 2.5.7.22 | 11.00 | 323.04 | 334.04 | NOTE | |
| r-devel-windows-x86_64 | 2.5.7.22 | 7.00 | 298.00 | 305.00 | NOTE | |
| r-patched-linux-x86_64 | 2.5.7.22 | 6.89 | 203.21 | 210.10 | OK | |
| r-release-linux-x86_64 | 2.5.7.22 | 4.77 | 200.75 | 205.52 | OK | |
| r-release-macos-arm64 | 2.5.7.22 | 3.00 | 130.00 | 133.00 | OK | |
| r-release-macos-x86_64 | 2.5.7.22 | 7.00 | 246.00 | 253.00 | OK | |
| r-release-windows-x86_64 | 2.5.7.22 | 7.00 | 292.00 | 299.00 | OK | |
| r-oldrel-macos-arm64 | 2.5.7.22 | 3.00 | 131.00 | 134.00 | OK | |
| r-oldrel-macos-x86_64 | 2.5.7.22 | 5.00 | 286.00 | 291.00 | OK | |
| r-oldrel-windows-x86_64 | 2.5.7.22 | 9.00 | 439.00 | 448.00 | OK |
Version: 2.5.7.22
Check: Rd files
Result: NOTE
checkRd: (-1) psychTools.Rd:15-47: Only 2 columns allowed in this table (row 6 has 1)
checkRd: (-1) read.clipboard.Rd:152-159: Only 7 columns allowed in this table (row 1 has 1)
checkRd: (-1) read.clipboard.Rd:152-159: Only 7 columns allowed in this table (row 2 has 1)
checkRd: (-1) read.clipboard.Rd:152-159: Only 7 columns allowed in this table (row 3 has 1)
checkRd: (-1) read.clipboard.Rd:152-159: Only 7 columns allowed in this table (row 4 has 1)
checkRd: (-1) read.clipboard.Rd:152-159: Only 7 columns allowed in this table (row 5 has 1)
checkRd: (-1) read.clipboard.Rd:152-159: Only 7 columns allowed in this table (row 6 has 1)
Flavors: r-devel-linux-x86_64-debian-clang, r-devel-linux-x86_64-debian-gcc, r-devel-linux-x86_64-fedora-clang, r-devel-linux-x86_64-fedora-gcc, r-devel-windows-x86_64
These binaries (installable software) and packages are in development.
They may not be fully stable and should be used with caution. We make no claims about them.