CRAN Package Check Results for Package psychTools

Last updated on 2025-05-08 04:52:15 CEST.

Flavor Version Tinstall Tcheck Ttotal Status Flags
r-devel-linux-x86_64-debian-clang 2.5.3 6.18 195.84 202.02 OK
r-devel-linux-x86_64-debian-gcc 2.5.3 3.72 131.52 135.24 OK
r-devel-linux-x86_64-fedora-clang 2.5.3 333.86 OK
r-devel-linux-x86_64-fedora-gcc 2.5.3 328.80 OK
r-devel-windows-x86_64 2.5.3 7.00 418.00 425.00 OK
r-patched-linux-x86_64 2.5.3 7.09 185.12 192.21 OK
r-release-linux-x86_64 2.5.3 5.48 185.46 190.94 OK
r-release-macos-arm64 2.5.3 120.00 OK
r-release-macos-x86_64 2.5.3 198.00 OK
r-release-windows-x86_64 2.5.3 7.00 430.00 437.00 OK
r-oldrel-macos-arm64 2.5.3 137.00 OK
r-oldrel-macos-x86_64 2.5.3 296.00 NOTE
r-oldrel-windows-x86_64 2.5.3 9.00 438.00 447.00 OK

Check Details

Version: 2.5.3
Check: installed package size
Result: NOTE installed size is 5.7Mb sub-directories of 1Mb or more: data 2.1Mb doc 3.2Mb Flavor: r-oldrel-macos-x86_64

These binaries (installable software) and packages are in development.
They may not be fully stable and should be used with caution. We make no claims about them.