CRAN Package Check Results for Package psycho

Last updated on 2025-07-02 03:50:49 CEST.

Flavor Version Tinstall Tcheck Ttotal Status Flags
r-devel-linux-x86_64-debian-clang 0.6.1 6.21 69.12 75.33 NOTE
r-devel-linux-x86_64-debian-gcc 0.6.1 4.12 47.45 51.57 NOTE
r-devel-linux-x86_64-fedora-clang 0.6.1 113.23 NOTE
r-devel-linux-x86_64-fedora-gcc 0.6.1 133.96 NOTE
r-devel-windows-x86_64 0.6.1 7.00 76.00 83.00 NOTE --no-vignettes
r-patched-linux-x86_64 NOTE
r-release-linux-x86_64 0.6.1 5.23 60.29 65.52 NOTE
r-release-macos-arm64 0.6.1 55.00 NOTE
r-release-macos-x86_64 0.6.1 99.00 NOTE
r-release-windows-x86_64 0.6.1 9.00 88.00 97.00 NOTE --no-vignettes
r-oldrel-macos-arm64 0.6.1 41.00 NOTE
r-oldrel-macos-x86_64 0.6.1 86.00 NOTE
r-oldrel-windows-x86_64 0.6.1 9.00 101.00 110.00 NOTE --no-vignettes

Check Details

Version: 0.6.1
Check: Rd files
Result: NOTE checkRd: (-1) dprime.Rd:37: Lost braces in \itemize; \value handles \item{}{} directly checkRd: (-1) dprime.Rd:38: Lost braces in \itemize; \value handles \item{}{} directly checkRd: (-1) dprime.Rd:39: Lost braces in \itemize; \value handles \item{}{} directly checkRd: (-1) dprime.Rd:40: Lost braces in \itemize; \value handles \item{}{} directly checkRd: (-1) dprime.Rd:41: Lost braces in \itemize; \value handles \item{}{} directly Flavors: r-devel-linux-x86_64-debian-clang, r-devel-linux-x86_64-debian-gcc, r-devel-linux-x86_64-fedora-clang, r-devel-linux-x86_64-fedora-gcc, r-patched-linux-x86_64, r-release-linux-x86_64, r-release-macos-arm64, r-release-macos-x86_64, r-oldrel-macos-arm64, r-oldrel-macos-x86_64

Version: 0.6.1
Flags: --no-vignettes
Check: Rd files
Result: NOTE checkRd: (-1) dprime.Rd:37: Lost braces in \itemize; \value handles \item{}{} directly checkRd: (-1) dprime.Rd:38: Lost braces in \itemize; \value handles \item{}{} directly checkRd: (-1) dprime.Rd:39: Lost braces in \itemize; \value handles \item{}{} directly checkRd: (-1) dprime.Rd:40: Lost braces in \itemize; \value handles \item{}{} directly checkRd: (-1) dprime.Rd:41: Lost braces in \itemize; \value handles \item{}{} directly Flavors: r-devel-windows-x86_64, r-release-windows-x86_64, r-oldrel-windows-x86_64

These binaries (installable software) and packages are in development.
They may not be fully stable and should be used with caution. We make no claims about them.