CRAN Package Check Results for Package psychometric

Last updated on 2025-11-14 21:50:10 CET.

Flavor Version Tinstall Tcheck Ttotal Status Flags
r-devel-linux-x86_64-debian-clang 2.4 5.64 52.87 58.51 NOTE
r-devel-linux-x86_64-debian-gcc 2.4 4.07 39.15 43.22 NOTE
r-devel-linux-x86_64-fedora-clang 2.4 14.00 73.53 87.53 OK
r-devel-linux-x86_64-fedora-gcc 2.4 14.00 70.31 84.31 OK
r-devel-windows-x86_64 2.4 10.00 80.00 90.00 OK
r-patched-linux-x86_64 2.4 6.86 50.23 57.09 OK
r-release-linux-x86_64 2.4 4.71 50.44 55.15 OK
r-release-macos-arm64 2.4 3.00 27.00 30.00 OK
r-release-macos-x86_64 2.4 5.00 47.00 52.00 OK
r-release-windows-x86_64 2.4 9.00 81.00 90.00 OK
r-oldrel-macos-arm64 2.4 3.00 27.00 30.00 OK
r-oldrel-macos-x86_64 2.4 4.00 52.00 56.00 OK
r-oldrel-windows-x86_64 2.4 9.00 93.00 102.00 OK

Check Details

Version: 2.4
Check: CRAN incoming feasibility
Result: NOTE Maintainer: ‘Thomas D. Fletcher <t.d.fletcher05@gmail.com>’ No Authors@R field in DESCRIPTION. Please add one, modifying Authors@R: person(given = c("Thomas", "D."), family = "Fletcher", role = c("aut", "cre"), email = "t.d.fletcher05@gmail.com") as necessary. Flavors: r-devel-linux-x86_64-debian-clang, r-devel-linux-x86_64-debian-gcc

These binaries (installable software) and packages are in development.
They may not be fully stable and should be used with caution. We make no claims about them.