Last updated on 2025-05-08 04:52:15 CEST.
Flavor | Version | Tinstall | Tcheck | Ttotal | Status | Flags |
---|---|---|---|---|---|---|
r-devel-linux-x86_64-debian-clang | 0.13 | 624.91 | 188.89 | 813.80 | NOTE | |
r-devel-linux-x86_64-debian-gcc | 0.13 | 454.21 | 125.13 | 579.34 | NOTE | |
r-devel-linux-x86_64-fedora-clang | 0.13 | 1756.64 | OK | |||
r-devel-linux-x86_64-fedora-gcc | 0.13 | 1816.30 | OK | |||
r-devel-windows-x86_64 | 0.13 | 686.00 | 207.00 | 893.00 | OK | |
r-patched-linux-x86_64 | 0.13 | 605.22 | 174.29 | 779.51 | OK | |
r-release-linux-x86_64 | 0.13 | 614.27 | 176.56 | 790.83 | OK | |
r-release-macos-arm64 | 0.13 | 266.00 | OK | |||
r-release-macos-x86_64 | 0.13 | 306.00 | OK | |||
r-release-windows-x86_64 | 0.13 | 681.00 | 201.00 | 882.00 | OK | |
r-oldrel-macos-arm64 | 0.13 | 238.00 | NOTE | |||
r-oldrel-macos-x86_64 | 0.13 | 333.00 | NOTE | |||
r-oldrel-windows-x86_64 | 0.13 | 830.00 | 270.00 | 1100.00 | OK |
Version: 0.13
Check: CRAN incoming feasibility
Result: NOTE
Maintainer: ‘Sacha Epskamp <mail@sachaepskamp.com>’
No Authors@R field in DESCRIPTION.
Please add one, modifying
Authors@R: person(given = "Sacha",
family = "Epskamp",
role = c("aut", "cre"),
email = "mail@sachaepskamp.com")
as necessary.
Flavors: r-devel-linux-x86_64-debian-clang, r-devel-linux-x86_64-debian-gcc
Version: 0.13
Check: installed package size
Result: NOTE
installed size is 28.4Mb
sub-directories of 1Mb or more:
libs 27.2Mb
Flavors: r-oldrel-macos-arm64, r-oldrel-macos-x86_64
These binaries (installable software) and packages are in development.
They may not be fully stable and should be used with caution. We make no claims about them.