Last updated on 2025-11-11 15:50:43 CET.
| Flavor | Version | Tinstall | Tcheck | Ttotal | Status | Flags |
|---|---|---|---|---|---|---|
| r-devel-linux-x86_64-debian-clang | 0.13.2 | 627.63 | 202.02 | 829.65 | OK | |
| r-devel-linux-x86_64-debian-gcc | 0.13.2 | 424.39 | 131.50 | 555.89 | OK | |
| r-devel-linux-x86_64-fedora-clang | 0.13.2 | 1140.00 | 484.42 | 1624.42 | OK | |
| r-devel-linux-x86_64-fedora-gcc | 0.13.2 | 1020.00 | 508.63 | 1528.63 | OK | |
| r-devel-windows-x86_64 | 0.13.2 | 693.00 | 211.00 | 904.00 | OK | |
| r-patched-linux-x86_64 | 0.13.2 | 622.57 | 186.95 | 809.52 | OK | |
| r-release-linux-x86_64 | 0.13.2 | 625.96 | 186.82 | 812.78 | OK | |
| r-release-macos-arm64 | 0.13.2 | 209.00 | 60.00 | 269.00 | OK | |
| r-release-macos-x86_64 | 0.13.2 | 215.00 | 114.00 | 329.00 | OK | |
| r-release-windows-x86_64 | 0.13.2 | 698.00 | 212.00 | 910.00 | OK | |
| r-oldrel-macos-arm64 | 0.13.2 | 206.00 | 58.00 | 264.00 | NOTE | |
| r-oldrel-macos-x86_64 | 0.13.2 | 217.00 | 168.00 | 385.00 | NOTE | |
| r-oldrel-windows-x86_64 | 0.13.2 | 859.00 | 281.00 | 1140.00 | NOTE |
Version: 0.13.2
Check: installed package size
Result: NOTE
installed size is 30.1Mb
sub-directories of 1Mb or more:
libs 28.9Mb
Flavors: r-oldrel-macos-arm64, r-oldrel-macos-x86_64
Version: 0.13.2
Check: package dependencies
Result: NOTE
Packages suggested but not available for checking: 'semPlot', 'metaSEM'
Flavor: r-oldrel-windows-x86_64
These binaries (installable software) and packages are in development.
They may not be fully stable and should be used with caution. We make no claims about them.