Last updated on 2025-07-21 19:49:52 CEST.
Flavor | Version | Tinstall | Tcheck | Ttotal | Status | Flags |
---|---|---|---|---|---|---|
r-devel-linux-x86_64-debian-clang | 0.13.1 | 637.72 | 189.80 | 827.52 | OK | |
r-devel-linux-x86_64-debian-gcc | 0.13.1 | 467.08 | 127.31 | 594.39 | OK | |
r-devel-linux-x86_64-fedora-clang | 0.13.1 | 1602.49 | OK | |||
r-devel-linux-x86_64-fedora-gcc | 0.13.1 | 1479.25 | OK | |||
r-devel-windows-x86_64 | 0.13.1 | 681.00 | 209.00 | 890.00 | OK | |
r-patched-linux-x86_64 | 0.13.1 | 622.87 | 174.93 | 797.80 | OK | |
r-release-linux-x86_64 | 0.13.1 | 614.56 | 173.72 | 788.28 | OK | |
r-release-macos-arm64 | 0.13.1 | 180.00 | OK | |||
r-release-macos-x86_64 | 0.13.1 | 249.00 | OK | |||
r-release-windows-x86_64 | 0.13.1 | 665.00 | 197.00 | 862.00 | OK | |
r-oldrel-macos-arm64 | 0.13.1 | 258.00 | NOTE | |||
r-oldrel-macos-x86_64 | 0.13.1 | 271.00 | NOTE | |||
r-oldrel-windows-x86_64 | 0.13.1 | 842.00 | 276.00 | 1118.00 | OK |
Version: 0.13.1
Check: installed package size
Result: NOTE
installed size is 29.7Mb
sub-directories of 1Mb or more:
libs 28.5Mb
Flavors: r-oldrel-macos-arm64, r-oldrel-macos-x86_64
These binaries (installable software) and packages are in development.
They may not be fully stable and should be used with caution. We make no claims about them.