Last updated on 2025-07-02 01:51:47 CEST.
Flavor | Version | Tinstall | Tcheck | Ttotal | Status | Flags |
---|---|---|---|---|---|---|
r-devel-linux-x86_64-debian-clang | 0.7-4 | 15.49 | 129.10 | 144.59 | NOTE | |
r-devel-linux-x86_64-debian-gcc | 0.7-4 | 9.67 | 88.90 | 98.57 | NOTE | |
r-devel-linux-x86_64-fedora-clang | 0.7-4 | 231.33 | OK | |||
r-devel-linux-x86_64-fedora-gcc | 0.7-4 | 227.60 | OK | |||
r-devel-windows-x86_64 | 0.7-4 | 16.00 | 182.00 | 198.00 | OK | |
r-patched-linux-x86_64 | NOTE | |||||
r-release-linux-x86_64 | 0.7-4 | 14.05 | 123.02 | 137.07 | NOTE | |
r-release-macos-arm64 | 0.7-4 | 69.00 | OK | |||
r-release-macos-x86_64 | 0.7-4 | 159.00 | OK | |||
r-release-windows-x86_64 | 0.7-4 | 18.00 | 173.00 | 191.00 | OK | |
r-oldrel-macos-arm64 | 0.7-4 | 68.00 | OK | |||
r-oldrel-macos-x86_64 | 0.7-4 | 113.00 | OK | |||
r-oldrel-windows-x86_64 | 0.7-4 | 23.00 | 214.00 | 237.00 | OK |
Version: 0.7-4
Check: for unstated dependencies in ‘demo’
Result: NOTE
'::' or ':::' imports not declared from:
‘colorspace’ ‘psychomix’
'library' or 'require' calls not declared from:
‘car’ ‘lmtest’ ‘psychomix’ ‘psychotree’ ‘strucchange’
Flavors: r-devel-linux-x86_64-debian-clang, r-devel-linux-x86_64-debian-gcc, r-patched-linux-x86_64, r-release-linux-x86_64
These binaries (installable software) and packages are in development.
They may not be fully stable and should be used with caution. We make no claims about them.