Last updated on 2025-02-07 08:51:32 CET.
Flavor | Version | Tinstall | Tcheck | Ttotal | Status | Flags |
---|---|---|---|---|---|---|
r-devel-linux-x86_64-debian-clang | 0.16-1 | 8.02 | 466.59 | 474.61 | NOTE | |
r-devel-linux-x86_64-debian-gcc | 0.16-1 | 5.15 | 280.28 | 285.43 | NOTE | |
r-devel-linux-x86_64-fedora-clang | 0.16-1 | 804.52 | OK | |||
r-devel-linux-x86_64-fedora-gcc | 0.16-1 | 748.84 | OK | |||
r-devel-windows-x86_64 | 0.16-1 | 9.00 | 434.00 | 443.00 | NOTE | |
r-patched-linux-x86_64 | 0.16-1 | 11.02 | 423.04 | 434.06 | OK | |
r-release-linux-x86_64 | 0.16-1 | 7.82 | 425.03 | 432.85 | OK | |
r-release-macos-arm64 | 0.16-1 | 182.00 | OK | |||
r-release-macos-x86_64 | 0.16-1 | 305.00 | OK | |||
r-release-windows-x86_64 | 0.16-1 | 8.00 | 430.00 | 438.00 | OK | |
r-oldrel-macos-arm64 | 0.16-1 | 169.00 | OK | |||
r-oldrel-macos-x86_64 | 0.16-1 | 464.00 | OK | |||
r-oldrel-windows-x86_64 | 0.16-1 | 11.00 | 510.00 | 521.00 | OK |
Version: 0.16-1
Check: Rd cross-references
Result: NOTE
Found the following Rd file(s) with Rd \link{} targets missing package
anchors:
CEMSChoice.Rd: paircomp
EuropeanValuesStudy.Rd: paircomp
Topmodel2007.Rd: paircomp
Please provide package anchors for all Rd \link{} targets not in the
package itself and the base packages.
Flavors: r-devel-linux-x86_64-debian-clang, r-devel-linux-x86_64-debian-gcc, r-devel-windows-x86_64
These binaries (installable software) and packages are in development.
They may not be fully stable and should be used with caution. We make no claims about them.