CRAN Package Check Results for Package psychotree

Last updated on 2025-07-25 13:50:29 CEST.

Flavor Version Tinstall Tcheck Ttotal Status Flags
r-devel-linux-x86_64-debian-clang 0.16-1 7.86 453.63 461.49 NOTE
r-devel-linux-x86_64-debian-gcc 0.16-1 5.12 268.04 273.16 NOTE
r-devel-linux-x86_64-fedora-clang 0.16-2 754.28 OK
r-devel-linux-x86_64-fedora-gcc 0.16-2 759.38 OK
r-devel-windows-x86_64 0.16-1 10.00 441.00 451.00 NOTE
r-patched-linux-x86_64 0.16-1 7.61 431.74 439.35 NOTE
r-release-linux-x86_64 0.16-1 7.58 439.50 447.08 NOTE
r-release-macos-arm64 0.16-1 199.00 OK
r-release-macos-x86_64 0.16-2 427.00 OK
r-release-windows-x86_64 0.16-1 9.00 434.00 443.00 NOTE
r-oldrel-macos-arm64 0.16-1 182.00 OK
r-oldrel-macos-x86_64 0.16-2 420.00 OK
r-oldrel-windows-x86_64 0.16-1 11.00 597.00 608.00 OK

Check Details

Version: 0.16-1
Check: Rd cross-references
Result: NOTE Found the following Rd file(s) with Rd \link{} targets missing package anchors: CEMSChoice.Rd: paircomp EuropeanValuesStudy.Rd: paircomp Topmodel2007.Rd: paircomp Please provide package anchors for all Rd \link{} targets not in the package itself and the base packages. Flavors: r-devel-linux-x86_64-debian-clang, r-devel-linux-x86_64-debian-gcc, r-devel-windows-x86_64, r-patched-linux-x86_64, r-release-linux-x86_64, r-release-windows-x86_64

These binaries (installable software) and packages are in development.
They may not be fully stable and should be used with caution. We make no claims about them.