Last updated on 2025-07-01 15:49:58 CEST.
Flavor | Version | Tinstall | Tcheck | Ttotal | Status | Flags |
---|---|---|---|---|---|---|
r-devel-linux-x86_64-debian-clang | 0.3 | 2.78 | 27.68 | 30.46 | NOTE | |
r-devel-linux-x86_64-debian-gcc | 0.3 | 2.01 | 21.24 | 23.25 | NOTE | |
r-devel-linux-x86_64-fedora-clang | 0.3 | 48.08 | OK | |||
r-devel-linux-x86_64-fedora-gcc | 0.3 | 44.23 | OK | |||
r-devel-windows-x86_64 | 0.3 | 4.00 | 50.00 | 54.00 | OK | |
r-patched-linux-x86_64 | OK | |||||
r-release-linux-x86_64 | 0.3 | 2.70 | 25.89 | 28.59 | OK | |
r-release-macos-arm64 | 0.3 | 20.00 | OK | |||
r-release-macos-x86_64 | 0.3 | 29.00 | OK | |||
r-release-windows-x86_64 | 0.3 | 5.00 | 51.00 | 56.00 | OK | |
r-oldrel-macos-arm64 | 0.3 | 20.00 | OK | |||
r-oldrel-macos-x86_64 | 0.3 | 37.00 | OK | |||
r-oldrel-windows-x86_64 | 0.3 | 4.00 | 54.00 | 58.00 | OK |
Version: 0.3
Check: CRAN incoming feasibility
Result: NOTE
Maintainer: ‘Ken Knoblauch <ken.knoblauch@inserm.fr>’
No Authors@R field in DESCRIPTION.
Please add one, modifying
Authors@R: c(person(given = "Kenneth",
family = "Knoblauch",
role = "aut"),
person(given = "Ken",
family = "Knoblauch",
role = "cre",
email = "ken.knoblauch@inserm.fr"))
as necessary.
Flavors: r-devel-linux-x86_64-debian-clang, r-devel-linux-x86_64-debian-gcc
These binaries (installable software) and packages are in development.
They may not be fully stable and should be used with caution. We make no claims about them.