Last updated on 2025-05-29 07:49:56 CEST.
Flavor | Version | Tinstall | Tcheck | Ttotal | Status | Flags |
---|---|---|---|---|---|---|
r-devel-linux-x86_64-debian-clang | 2.8 | 7.28 | 22.94 | 30.22 | NOTE | |
r-devel-linux-x86_64-debian-gcc | 2.8 | 5.28 | 18.19 | 23.47 | NOTE | |
r-devel-linux-x86_64-fedora-clang | 2.8 | 52.01 | NOTE | |||
r-devel-linux-x86_64-fedora-gcc | 2.8 | 57.72 | NOTE | |||
r-devel-windows-x86_64 | 2.8 | 10.00 | 51.00 | 61.00 | OK | |
r-patched-linux-x86_64 | 2.8 | 6.56 | 22.18 | 28.74 | OK | |
r-release-linux-x86_64 | 2.8 | 6.37 | 22.02 | 28.39 | OK | |
r-release-macos-arm64 | 2.8 | 25.00 | OK | |||
r-release-macos-x86_64 | 2.8 | 35.00 | OK | |||
r-release-windows-x86_64 | 2.8 | 11.00 | 52.00 | 63.00 | OK | |
r-oldrel-macos-arm64 | 2.8 | 22.00 | OK | |||
r-oldrel-macos-x86_64 | 2.8 | 33.00 | OK | |||
r-oldrel-windows-x86_64 | 2.8 | 11.00 | 59.00 | 70.00 | OK |
Version: 2.8
Check: CRAN incoming feasibility
Result: NOTE
Maintainer: ‘Jose M. Maisog <bravas02@gmail.com>’
No Authors@R field in DESCRIPTION.
Please add one, modifying
Authors@R: c(person(given = c("Jose", "M."),
family = "Maisog",
role = c("aut", "cre"),
email = "bravas02@gmail.com"),
person(given = "Yuan",
family = "Wang",
role = "aut"),
person(given = "George",
family = "Luta",
role = "aut"),
person(given = "Jianfei",
family = "Liu",
role = "aut"))
as necessary.
Flavors: r-devel-linux-x86_64-debian-clang, r-devel-linux-x86_64-debian-gcc
Version: 2.8
Check: compiled code
Result: NOTE
File ‘ptinpoly/libs/ptinpoly.so’:
Found no calls to: ‘R_registerRoutines’, ‘R_useDynamicSymbols’
It is good practice to register native routines and to disable symbol
search.
See ‘Writing portable packages’ in the ‘Writing R Extensions’ manual.
Flavors: r-devel-linux-x86_64-fedora-clang, r-devel-linux-x86_64-fedora-gcc
These binaries (installable software) and packages are in development.
They may not be fully stable and should be used with caution. We make no claims about them.