Last updated on 2025-07-02 01:51:47 CEST.
Flavor | Version | Tinstall | Tcheck | Ttotal | Status | Flags |
---|---|---|---|---|---|---|
r-devel-linux-x86_64-debian-clang | 1.1.3 | 3.63 | 280.00 | 283.63 | NOTE | |
r-devel-linux-x86_64-debian-gcc | 1.1.3 | 2.16 | 139.81 | 141.97 | NOTE | |
r-devel-linux-x86_64-fedora-clang | 1.1.3 | 455.65 | OK | |||
r-devel-linux-x86_64-fedora-gcc | 1.1.3 | 445.04 | OK | |||
r-devel-windows-x86_64 | 1.1.3 | 6.00 | 233.00 | 239.00 | OK | |
r-patched-linux-x86_64 | OK | |||||
r-release-linux-x86_64 | 1.1.3 | 3.89 | 265.89 | 269.78 | OK | |
r-release-macos-arm64 | 1.1.3 | 119.00 | OK | |||
r-release-macos-x86_64 | 1.1.3 | 302.00 | OK | |||
r-release-windows-x86_64 | 1.1.3 | 6.00 | 231.00 | 237.00 | OK | |
r-oldrel-macos-arm64 | 1.1.3 | 98.00 | OK | |||
r-oldrel-macos-x86_64 | 1.1.3 | 202.00 | OK | |||
r-oldrel-windows-x86_64 | 1.1.3 | 7.00 | 359.00 | 366.00 | OK |
Version: 1.1.3
Check: CRAN incoming feasibility
Result: NOTE
Maintainer: ‘Mirko Signorelli <msignorelli.rpackages@gmail.com>’
Package CITATION file contains call(s) to old-style personList() or
as.personList(). Please use c() on person objects instead.
Package CITATION file contains call(s) to old-style citEntry(). Please
use bibentry() instead.
Flavors: r-devel-linux-x86_64-debian-clang, r-devel-linux-x86_64-debian-gcc
These binaries (installable software) and packages are in development.
They may not be fully stable and should be used with caution. We make no claims about them.