CRAN Package Check Results for Package ptmixed

Last updated on 2025-11-13 03:51:13 CET.

Flavor Version Tinstall Tcheck Ttotal Status Flags
r-devel-linux-x86_64-debian-clang 1.1.3 3.53 284.69 288.22 NOTE
r-devel-linux-x86_64-debian-gcc 1.1.3 2.60 138.58 141.18 NOTE
r-devel-linux-x86_64-fedora-clang 1.1.3 444.42 OK
r-devel-linux-x86_64-fedora-gcc 1.1.3 462.19 OK
r-devel-windows-x86_64 1.1.3 6.00 237.00 243.00 OK
r-patched-linux-x86_64 1.1.3 3.70 266.68 270.38 OK
r-release-linux-x86_64 1.1.3 2.94 270.40 273.34 OK
r-release-macos-arm64 1.1.3 2.00 117.00 119.00 OK
r-release-macos-x86_64 1.1.3 3.00 299.00 302.00 OK
r-release-windows-x86_64 1.1.3 5.00 233.00 238.00 OK
r-oldrel-macos-arm64 1.1.3 2.00 96.00 98.00 OK
r-oldrel-macos-x86_64 1.1.3 4.00 198.00 202.00 OK
r-oldrel-windows-x86_64 1.1.3 7.00 355.00 362.00 OK

Check Details

Version: 1.1.3
Check: CRAN incoming feasibility
Result: NOTE Maintainer: ‘Mirko Signorelli <msignorelli.rpackages@gmail.com>’ Package CITATION file contains call(s) to old-style personList() or as.personList(). Please use c() on person objects instead. Package CITATION file contains call(s) to old-style citEntry(). Please use bibentry() instead. Flavors: r-devel-linux-x86_64-debian-clang, r-devel-linux-x86_64-debian-gcc

These binaries (installable software) and packages are in development.
They may not be fully stable and should be used with caution. We make no claims about them.