CRAN Package Check Results for Package pubmedR

Last updated on 2025-10-23 17:50:58 CEST.

Flavor Version Tinstall Tcheck Ttotal Status Flags
r-devel-linux-x86_64-debian-clang 0.0.3 2.73 29.63 32.36 OK
r-devel-linux-x86_64-debian-gcc 0.0.3 2.16 23.51 25.67 OK
r-devel-linux-x86_64-fedora-clang 0.0.3 50.92 OK
r-devel-linux-x86_64-fedora-gcc 0.0.3 58.69 OK
r-devel-windows-x86_64 0.0.3 4.00 47.00 51.00 OK
r-patched-linux-x86_64 0.0.3 2.81 28.71 31.52 OK
r-release-linux-x86_64 0.0.3 2.78 28.85 31.63 OK
r-release-macos-arm64 0.0.3 1.00 27.00 28.00 OK
r-release-macos-x86_64 0.0.3 2.00 44.00 46.00 OK
r-release-windows-x86_64 0.0.3 4.00 49.00 53.00 OK
r-oldrel-macos-arm64 0.0.3 1.00 24.00 25.00 NOTE
r-oldrel-macos-x86_64 0.0.3 2.00 36.00 38.00 NOTE
r-oldrel-windows-x86_64 0.0.3 6.00 54.00 60.00 NOTE

Check Details

Version: 0.0.3
Check: LazyData
Result: NOTE 'LazyData' is specified without a 'data' directory Flavors: r-oldrel-macos-arm64, r-oldrel-macos-x86_64, r-oldrel-windows-x86_64

These binaries (installable software) and packages are in development.
They may not be fully stable and should be used with caution. We make no claims about them.