CRAN Package Check Results for Package pumilioR

Last updated on 2025-05-08 04:52:15 CEST.

Flavor Version Tinstall Tcheck Ttotal Status Flags
r-devel-linux-x86_64-debian-clang 1.3.1 3.78 32.20 35.98 NOTE
r-devel-linux-x86_64-debian-gcc 1.3.1 2.50 24.63 27.13 NOTE
r-devel-linux-x86_64-fedora-clang 1.3.1 57.15 OK
r-devel-linux-x86_64-fedora-gcc 1.3.1 68.04 OK
r-devel-windows-x86_64 1.3.1 4.00 49.00 53.00 OK
r-patched-linux-x86_64 1.3.1 3.45 30.76 34.21 OK
r-release-linux-x86_64 1.3.1 3.15 30.97 34.12 OK
r-release-macos-arm64 1.3.1 44.00 OK
r-release-macos-x86_64 1.3.1 74.00 OK
r-release-windows-x86_64 1.3.1 4.00 53.00 57.00 OK
r-oldrel-macos-arm64 1.3.1 30.00 OK
r-oldrel-macos-x86_64 1.3.1 41.00 OK
r-oldrel-windows-x86_64 1.3.1 4.00 59.00 63.00 OK

Check Details

Version: 1.3.1
Check: CRAN incoming feasibility
Result: NOTE Maintainer: ‘Luis J. Villanueva-Rivera <ljvillanueva@coquipr.com>’ No Authors@R field in DESCRIPTION. Please add one, modifying Authors@R: person(given = c("Luis", "J."), family = "Villanueva-Rivera", role = c("aut", "cre"), email = "ljvillanueva@coquipr.com") as necessary. The Description field contains (http://ljvillanueva.github.io/pumilio/). Please enclose URLs in angle brackets (<...>). Flavors: r-devel-linux-x86_64-debian-clang, r-devel-linux-x86_64-debian-gcc

These binaries (installable software) and packages are in development.
They may not be fully stable and should be used with caution. We make no claims about them.