Last updated on 2025-10-25 01:51:13 CEST.
| Flavor | Version | Tinstall | Tcheck | Ttotal | Status | Flags |
|---|---|---|---|---|---|---|
| r-devel-linux-x86_64-debian-clang | 1.4 | 12.48 | 40.89 | 53.37 | NOTE | |
| r-devel-linux-x86_64-debian-gcc | 1.4 | 8.99 | 31.66 | 40.65 | NOTE | |
| r-devel-linux-x86_64-fedora-clang | 1.4 | 40.00 | 53.41 | 93.41 | OK | |
| r-devel-linux-x86_64-fedora-gcc | 1.4 | 52.00 | 52.73 | 104.73 | OK | |
| r-devel-windows-x86_64 | 1.4 | 20.00 | 86.00 | 106.00 | OK | |
| r-patched-linux-x86_64 | 1.4 | 14.03 | 38.98 | 53.01 | OK | |
| r-release-linux-x86_64 | 1.4 | 12.82 | 39.03 | 51.85 | OK | |
| r-release-macos-arm64 | 1.4 | 6.00 | 28.00 | 34.00 | OK | |
| r-release-macos-x86_64 | 1.4 | 14.00 | 82.00 | 96.00 | OK | |
| r-release-windows-x86_64 | 1.4 | 23.00 | 84.00 | 107.00 | OK | |
| r-oldrel-macos-arm64 | 1.4 | 8.00 | 27.00 | 35.00 | OK | |
| r-oldrel-macos-x86_64 | 1.4 | 16.00 | 57.00 | 73.00 | OK | |
| r-oldrel-windows-x86_64 | 1.4 | 24.00 | 99.00 | 123.00 | OK |
Version: 1.4
Check: CRAN incoming feasibility
Result: NOTE
Maintainer: ‘Richèl J.C. Bilderbeek <richel@richelbilderbeek.nl>’
The BugReports field in DESCRIPTION has
https://github.com/richelbilderbeek/pureseqtmr/
which should likely be
https://github.com/richelbilderbeek/pureseqtmr/issues
instead.
Flavors: r-devel-linux-x86_64-debian-clang, r-devel-linux-x86_64-debian-gcc
These binaries (installable software) and packages are in development.
They may not be fully stable and should be used with caution. We make no claims about them.