CRAN Package Check Results for Package pureseqtmr

Last updated on 2025-05-08 04:52:15 CEST.

Flavor Version Tinstall Tcheck Ttotal Status Flags
r-devel-linux-x86_64-debian-clang 1.4 14.18 38.51 52.69 NOTE
r-devel-linux-x86_64-debian-gcc 1.4 10.08 28.88 38.96 NOTE
r-devel-linux-x86_64-fedora-clang 1.4 95.57 OK
r-devel-linux-x86_64-fedora-gcc 1.4 102.34 OK
r-devel-windows-x86_64 1.4 22.00 85.00 107.00 OK
r-patched-linux-x86_64 1.4 13.27 36.80 50.07 OK
r-release-linux-x86_64 1.4 11.79 36.30 48.09 OK
r-release-macos-arm64 1.4 34.00 OK
r-release-macos-x86_64 1.4 96.00 OK
r-release-windows-x86_64 1.4 22.00 82.00 104.00 OK
r-oldrel-macos-arm64 1.4 35.00 OK
r-oldrel-macos-x86_64 1.4 73.00 OK
r-oldrel-windows-x86_64 1.4 24.00 100.00 124.00 OK

Check Details

Version: 1.4
Check: CRAN incoming feasibility
Result: NOTE Maintainer: ‘Richèl J.C. Bilderbeek <richel@richelbilderbeek.nl>’ The BugReports field in DESCRIPTION has https://github.com/richelbilderbeek/pureseqtmr/ which should likely be https://github.com/richelbilderbeek/pureseqtmr/issues instead. Flavors: r-devel-linux-x86_64-debian-clang, r-devel-linux-x86_64-debian-gcc

These binaries (installable software) and packages are in development.
They may not be fully stable and should be used with caution. We make no claims about them.