CRAN Package Check Results for Package pureseqtmr

Last updated on 2025-07-02 03:50:49 CEST.

Flavor Version Tinstall Tcheck Ttotal Status Flags
r-devel-linux-x86_64-debian-clang 1.4 13.96 39.17 53.13 NOTE
r-devel-linux-x86_64-debian-gcc 1.4 10.14 29.96 40.10 NOTE
r-devel-linux-x86_64-fedora-clang 1.4 93.59 OK
r-devel-linux-x86_64-fedora-gcc 1.4 96.72 OK
r-devel-windows-x86_64 1.4 21.00 93.00 114.00 OK
r-patched-linux-x86_64 OK
r-release-linux-x86_64 1.4 14.11 37.00 51.11 OK
r-release-macos-arm64 1.4 34.00 OK
r-release-macos-x86_64 1.4 96.00 OK
r-release-windows-x86_64 1.4 22.00 83.00 105.00 OK
r-oldrel-macos-arm64 1.4 35.00 OK
r-oldrel-macos-x86_64 1.4 73.00 OK
r-oldrel-windows-x86_64 1.4 23.00 103.00 126.00 OK

Check Details

Version: 1.4
Check: CRAN incoming feasibility
Result: NOTE Maintainer: ‘Richèl J.C. Bilderbeek <richel@richelbilderbeek.nl>’ The BugReports field in DESCRIPTION has https://github.com/richelbilderbeek/pureseqtmr/ which should likely be https://github.com/richelbilderbeek/pureseqtmr/issues instead. Flavors: r-devel-linux-x86_64-debian-clang, r-devel-linux-x86_64-debian-gcc

These binaries (installable software) and packages are in development.
They may not be fully stable and should be used with caution. We make no claims about them.