CRAN Package Check Results for Package putior

Last updated on 2025-10-23 21:51:37 CEST.

Flavor Version Tinstall Tcheck Ttotal Status Flags
r-devel-linux-x86_64-debian-clang 0.1.0 2.34 32.80 35.14 NOTE
r-devel-linux-x86_64-debian-gcc 0.1.0 1.75 25.42 27.17 OK
r-devel-linux-x86_64-fedora-clang 0.1.0 52.16 OK
r-devel-linux-x86_64-fedora-gcc 0.1.0 66.59 OK
r-devel-windows-x86_64 0.1.0 4.00 53.00 57.00 OK
r-patched-linux-x86_64 0.1.0 2.46 29.82 32.28 OK
r-release-linux-x86_64 0.1.0 2.15 30.17 32.32 OK
r-release-macos-arm64 0.1.0 1.00 52.00 53.00 OK
r-release-macos-x86_64 0.1.0 2.00 135.00 137.00 OK
r-release-windows-x86_64 0.1.0 4.00 53.00 57.00 OK
r-oldrel-macos-arm64 0.1.0 1.00 54.00 55.00 OK
r-oldrel-macos-x86_64 0.1.0 2.00 134.00 136.00 OK
r-oldrel-windows-x86_64 0.1.0 6.00 66.00 72.00 OK

Check Details

Version: 0.1.0
Check: HTML version of manual
Result: NOTE Found the following HTML validation problems: handle_output.html:58:1 (handle_output.Rd:16): Warning: missing </ul> before </div> Flavor: r-devel-linux-x86_64-debian-clang

These binaries (installable software) and packages are in development.
They may not be fully stable and should be used with caution. We make no claims about them.