Last updated on 2025-02-16 08:50:57 CET.
Flavor | Version | Tinstall | Tcheck | Ttotal | Status | Flags |
---|---|---|---|---|---|---|
r-devel-linux-x86_64-debian-clang | 0.0.1 | 2.85 | 24.05 | 26.90 | OK | |
r-devel-linux-x86_64-debian-gcc | 0.0.1 | 1.74 | 18.67 | 20.41 | OK | |
r-devel-linux-x86_64-fedora-clang | 0.0.1 | 45.09 | NOTE | |||
r-devel-linux-x86_64-fedora-gcc | 0.0.1 | 41.57 | NOTE | |||
r-devel-macos-arm64 | 0.0.1 | 21.00 | OK | |||
r-devel-macos-x86_64 | 0.0.1 | 40.00 | OK | |||
r-devel-windows-x86_64 | 0.0.1 | 5.00 | 51.00 | 56.00 | OK | |
r-patched-linux-x86_64 | 0.0.1 | 3.44 | 23.19 | 26.63 | OK | |
r-release-linux-x86_64 | 0.0.1 | 2.32 | 23.25 | 25.57 | OK | |
r-release-macos-arm64 | 0.0.1 | 19.00 | OK | |||
r-release-macos-x86_64 | 0.0.1 | 25.00 | OK | |||
r-release-windows-x86_64 | 0.0.1 | 5.00 | 49.00 | 54.00 | OK | |
r-oldrel-macos-arm64 | 0.0.1 | 20.00 | OK | |||
r-oldrel-macos-x86_64 | 0.0.1 | 27.00 | OK | |||
r-oldrel-windows-x86_64 | 0.0.1 | 5.00 | 57.00 | 62.00 | OK |
Version: 0.0.1
Check: dependencies in R code
Result: NOTE
Namespaces in Imports field not imported from:
‘kableExtra’ ‘readr’ ‘tidyverse’
All declared Imports should be used.
Flavors: r-devel-linux-x86_64-fedora-clang, r-devel-linux-x86_64-fedora-gcc
These binaries (installable software) and packages are in development.
They may not be fully stable and should be used with caution. We make no claims about them.