CRAN Package Check Results for Package puzzle

Last updated on 2025-07-02 01:51:47 CEST.

Flavor Version Tinstall Tcheck Ttotal Status Flags
r-devel-linux-x86_64-debian-clang 0.0.1 2.69 26.80 29.49 OK
r-devel-linux-x86_64-debian-gcc 0.0.1 2.24 20.87 23.11 OK
r-devel-linux-x86_64-fedora-clang 0.0.1 46.11 NOTE
r-devel-linux-x86_64-fedora-gcc 0.0.1 41.58 NOTE
r-devel-windows-x86_64 0.0.1 5.00 53.00 58.00 OK
r-patched-linux-x86_64 OK
r-release-linux-x86_64 0.0.1 3.19 23.74 26.93 OK
r-release-macos-arm64 0.0.1 23.00 OK
r-release-macos-x86_64 0.0.1 40.00 OK
r-release-windows-x86_64 0.0.1 5.00 49.00 54.00 OK
r-oldrel-macos-arm64 0.0.1 19.00 OK
r-oldrel-macos-x86_64 0.0.1 25.00 OK
r-oldrel-windows-x86_64 0.0.1 6.00 55.00 61.00 OK

Check Details

Version: 0.0.1
Check: dependencies in R code
Result: NOTE Namespaces in Imports field not imported from: ‘kableExtra’ ‘readr’ ‘tidyverse’ All declared Imports should be used. Flavors: r-devel-linux-x86_64-fedora-clang, r-devel-linux-x86_64-fedora-gcc

These binaries (installable software) and packages are in development.
They may not be fully stable and should be used with caution. We make no claims about them.