Last updated on 2025-10-03 01:49:57 CEST.
Flavor | Version | Tinstall | Tcheck | Ttotal | Status | Flags |
---|---|---|---|---|---|---|
r-devel-linux-x86_64-debian-clang | 0.1.1 | 28.71 | 82.21 | 110.92 | OK | |
r-devel-linux-x86_64-debian-gcc | 0.1.2 | 21.55 | 93.81 | 115.36 | OK | |
r-devel-linux-x86_64-fedora-clang | 0.1.2 | 232.57 | OK | |||
r-devel-linux-x86_64-fedora-gcc | 0.1.2 | 232.34 | OK | |||
r-devel-windows-x86_64 | 0.1.2 | 35.00 | 166.00 | 201.00 | OK | |
r-patched-linux-x86_64 | 0.1.1 | 30.13 | 77.39 | 107.52 | OK | |
r-release-linux-x86_64 | 0.1.1 | 30.00 | 77.98 | 107.98 | OK | |
r-release-macos-arm64 | 0.1.1 | 60.00 | OK | |||
r-release-macos-x86_64 | 0.1.2 | 183.00 | OK | |||
r-release-windows-x86_64 | 0.1.1 | 37.00 | 128.00 | 165.00 | OK | |
r-oldrel-macos-arm64 | 0.1.1 | 62.00 | NOTE | |||
r-oldrel-macos-x86_64 | 0.1.2 | 181.00 | NOTE | |||
r-oldrel-windows-x86_64 | 0.1.1 | 41.00 | 150.00 | 191.00 | OK |
Version: 0.1.1
Check: installed package size
Result: NOTE
installed size is 10.2Mb
sub-directories of 1Mb or more:
libs 10.0Mb
Flavor: r-oldrel-macos-arm64
Version: 0.1.2
Check: installed package size
Result: NOTE
installed size is 10.2Mb
sub-directories of 1Mb or more:
libs 9.9Mb
Flavor: r-oldrel-macos-x86_64
These binaries (installable software) and packages are in development.
They may not be fully stable and should be used with caution. We make no claims about them.