Last updated on 2025-05-28 21:50:18 CEST.
Flavor | Version | Tinstall | Tcheck | Ttotal | Status | Flags |
---|---|---|---|---|---|---|
r-devel-linux-x86_64-debian-clang | 0.5.1 | 5.76 | 65.15 | 70.91 | NOTE | |
r-devel-linux-x86_64-debian-gcc | 0.5.1 | 4.16 | 42.57 | 46.73 | NOTE | |
r-devel-linux-x86_64-fedora-clang | 0.5.1 | 111.18 | NOTE | |||
r-devel-linux-x86_64-fedora-gcc | 0.5.1 | 106.66 | NOTE | |||
r-devel-windows-x86_64 | 0.5.1 | 9.00 | 86.00 | 95.00 | NOTE | |
r-patched-linux-x86_64 | 0.5.1 | 6.65 | 60.69 | 67.34 | NOTE | |
r-release-linux-x86_64 | 0.5.1 | 5.67 | 61.39 | 67.06 | NOTE | |
r-release-macos-arm64 | 0.5.1 | 32.00 | NOTE | |||
r-release-macos-x86_64 | 0.5.1 | 77.00 | NOTE | |||
r-release-windows-x86_64 | 0.5.1 | 9.00 | 88.00 | 97.00 | NOTE | |
r-oldrel-macos-arm64 | 0.5.1 | 33.00 | NOTE | |||
r-oldrel-macos-x86_64 | 0.5.1 | 66.00 | NOTE | |||
r-oldrel-windows-x86_64 | 0.5.1 | 9.00 | 101.00 | 110.00 | NOTE |
Version: 0.5.1
Check: Rd files
Result: NOTE
checkRd: (-1) pvlrt.Rd:42: Lost braces; missing escapes or markup?
42 | \item{no_zi_idx}{List of pairs {(i, j)} where zero inflation is not allowed. To
| ^
checkRd: (-1) r_contin_table_zip.Rd:35: Lost braces; missing escapes or markup?
35 | \item{no_zi_idx}{List of pairs {(i, j)} where zero inflation is not allowed. To
| ^
Flavors: r-devel-linux-x86_64-debian-clang, r-devel-linux-x86_64-debian-gcc, r-devel-linux-x86_64-fedora-clang, r-devel-linux-x86_64-fedora-gcc, r-devel-windows-x86_64, r-patched-linux-x86_64, r-release-linux-x86_64, r-release-macos-arm64, r-release-macos-x86_64, r-release-windows-x86_64, r-oldrel-macos-arm64, r-oldrel-macos-x86_64, r-oldrel-windows-x86_64
These binaries (installable software) and packages are in development.
They may not be fully stable and should be used with caution. We make no claims about them.