Last updated on 2025-10-23 17:50:58 CEST.
Flavor | Version | Tinstall | Tcheck | Ttotal | Status | Flags |
---|---|---|---|---|---|---|
r-devel-linux-x86_64-debian-clang | 0.5.1 | 6.24 | 69.23 | 75.47 | NOTE | |
r-devel-linux-x86_64-debian-gcc | 0.5.1 | 3.97 | 46.89 | 50.86 | NOTE | |
r-devel-linux-x86_64-fedora-clang | 0.5.1 | 14.00 | 106.27 | 120.27 | NOTE | |
r-devel-linux-x86_64-fedora-gcc | 0.5.1 | 26.00 | 91.22 | 117.22 | NOTE | |
r-devel-windows-x86_64 | 0.5.1 | 8.00 | 87.00 | 95.00 | NOTE | |
r-patched-linux-x86_64 | 0.5.1 | 6.11 | 65.78 | 71.89 | NOTE | |
r-release-linux-x86_64 | 0.5.1 | 5.23 | 65.95 | 71.18 | NOTE | |
r-release-macos-arm64 | 0.5.1 | 3.00 | 29.00 | 32.00 | NOTE | |
r-release-macos-x86_64 | 0.5.1 | 5.00 | 72.00 | 77.00 | NOTE | |
r-release-windows-x86_64 | 0.5.1 | 8.00 | 88.00 | 96.00 | NOTE | |
r-oldrel-macos-arm64 | 0.5.1 | 3.00 | 30.00 | 33.00 | NOTE | |
r-oldrel-macos-x86_64 | 0.5.1 | 5.00 | 61.00 | 66.00 | NOTE | |
r-oldrel-windows-x86_64 | 0.5.1 | 10.00 | 103.00 | 113.00 | NOTE |
Version: 0.5.1
Check: Rd files
Result: NOTE
checkRd: (-1) pvlrt.Rd:42: Lost braces; missing escapes or markup?
42 | \item{no_zi_idx}{List of pairs {(i, j)} where zero inflation is not allowed. To
| ^
checkRd: (-1) r_contin_table_zip.Rd:35: Lost braces; missing escapes or markup?
35 | \item{no_zi_idx}{List of pairs {(i, j)} where zero inflation is not allowed. To
| ^
Flavors: r-devel-linux-x86_64-debian-clang, r-devel-linux-x86_64-debian-gcc, r-devel-linux-x86_64-fedora-clang, r-devel-linux-x86_64-fedora-gcc, r-devel-windows-x86_64, r-patched-linux-x86_64, r-release-linux-x86_64, r-release-macos-arm64, r-release-macos-x86_64, r-release-windows-x86_64, r-oldrel-macos-arm64, r-oldrel-macos-x86_64, r-oldrel-windows-x86_64
These binaries (installable software) and packages are in development.
They may not be fully stable and should be used with caution. We make no claims about them.