CRAN Package Check Results for Package pvLRT

Last updated on 2025-02-16 08:50:57 CET.

Flavor Version Tinstall Tcheck Ttotal Status Flags
r-devel-linux-x86_64-debian-clang 0.5.1 6.56 63.33 69.89 NOTE
r-devel-linux-x86_64-debian-gcc 0.5.1 4.34 42.42 46.76 NOTE
r-devel-linux-x86_64-fedora-clang 0.5.1 111.64 NOTE
r-devel-linux-x86_64-fedora-gcc 0.5.1 103.75 NOTE
r-devel-macos-arm64 0.5.1 33.00 NOTE
r-devel-macos-x86_64 0.5.1 73.00 NOTE
r-devel-windows-x86_64 0.5.1 9.00 86.00 95.00 NOTE
r-patched-linux-x86_64 0.5.1 5.58 58.10 63.68 NOTE
r-release-linux-x86_64 0.5.1 5.46 58.25 63.71 NOTE
r-release-macos-arm64 0.5.1 33.00 NOTE
r-release-macos-x86_64 0.5.1 66.00 NOTE
r-release-windows-x86_64 0.5.1 9.00 83.00 92.00 NOTE
r-oldrel-macos-arm64 0.5.1 35.00 OK
r-oldrel-macos-x86_64 0.5.1 56.00 OK
r-oldrel-windows-x86_64 0.5.1 10.00 92.00 102.00 OK

Check Details

Version: 0.5.1
Check: Rd files
Result: NOTE checkRd: (-1) pvlrt.Rd:42: Lost braces; missing escapes or markup? 42 | \item{no_zi_idx}{List of pairs {(i, j)} where zero inflation is not allowed. To | ^ checkRd: (-1) r_contin_table_zip.Rd:35: Lost braces; missing escapes or markup? 35 | \item{no_zi_idx}{List of pairs {(i, j)} where zero inflation is not allowed. To | ^ Flavors: r-devel-linux-x86_64-debian-clang, r-devel-linux-x86_64-debian-gcc, r-devel-linux-x86_64-fedora-clang, r-devel-linux-x86_64-fedora-gcc, r-devel-macos-arm64, r-devel-macos-x86_64, r-devel-windows-x86_64, r-patched-linux-x86_64, r-release-linux-x86_64, r-release-macos-arm64, r-release-macos-x86_64, r-release-windows-x86_64

These binaries (installable software) and packages are in development.
They may not be fully stable and should be used with caution. We make no claims about them.