Last updated on 2025-05-01 14:49:19 CEST.
Flavor | Version | Tinstall | Tcheck | Ttotal | Status | Flags |
---|---|---|---|---|---|---|
r-devel-linux-x86_64-debian-clang | 2.2-0 | 2.27 | 29.51 | 31.78 | NOTE | |
r-devel-linux-x86_64-debian-gcc | 2.2-0 | 1.83 | 22.35 | 24.18 | NOTE | |
r-devel-linux-x86_64-fedora-clang | 2.2-0 | 51.02 | OK | |||
r-devel-linux-x86_64-fedora-gcc | 2.2-0 | 48.30 | OK | |||
r-devel-windows-x86_64 | 2.2-0 | 3.00 | 54.00 | 57.00 | OK | |
r-patched-linux-x86_64 | 2.2-0 | 2.65 | 28.64 | 31.29 | OK | |
r-release-linux-x86_64 | OK | |||||
r-release-macos-arm64 | 2.2-0 | 21.00 | OK | |||
r-release-macos-x86_64 | 2.2-0 | 49.00 | OK | |||
r-release-windows-x86_64 | 2.2-0 | 4.00 | 58.00 | 62.00 | OK | |
r-oldrel-macos-arm64 | 2.2-0 | 20.00 | OK | |||
r-oldrel-macos-x86_64 | 2.2-0 | 26.00 | OK | |||
r-oldrel-windows-x86_64 | 2.2-0 | 4.00 | 54.00 | 58.00 | OK |
Version: 2.2-0
Check: CRAN incoming feasibility
Result: NOTE
Maintainer: ‘Ryota Suzuki <suzuki@ef-prime.com>’
No Authors@R field in DESCRIPTION.
Please add one, modifying
Authors@R: c(person(given = "Ryota",
family = "Suzuki",
role = c("aut", "cre"),
email = "suzuki@ef-prime.com"),
person(given = "Yoshikazu",
family = "Terada",
role = "aut",
email = "terada@sigmath.es.osaka-u.ac.jp"),
person(given = "Hidetoshi",
family = "Shimodaira",
role = "aut",
email = "shimo@i.kyoto-u.ac.jp"))
as necessary.
Flavors: r-devel-linux-x86_64-debian-clang, r-devel-linux-x86_64-debian-gcc
Version: 2.2-0
Check: examples
Result: NOTE
Examples with CPU (user + system) or elapsed time > 5s
user system elapsed
pvclust 6.053 0.003 7.03
Flavor: r-devel-linux-x86_64-debian-clang
Version: 2.2-0
Check: examples
Result: NA
user system elapsed
pvclust 3.787 0.025 5.328
OK
Flavor: r-devel-linux-x86_64-debian-gcc
These binaries (installable software) and packages are in development.
They may not be fully stable and should be used with caution. We make no claims about them.