Last updated on 2025-07-02 03:50:49 CEST.
Flavor | Version | Tinstall | Tcheck | Ttotal | Status | Flags |
---|---|---|---|---|---|---|
r-devel-linux-x86_64-debian-clang | 0.5.0 | 14.35 | 103.86 | 118.21 | NOTE | |
r-devel-linux-x86_64-debian-gcc | 0.5.0 | 9.16 | 66.81 | 75.97 | NOTE | |
r-devel-linux-x86_64-fedora-clang | 0.5.0 | 191.57 | OK | |||
r-devel-linux-x86_64-fedora-gcc | 0.5.0 | 173.36 | OK | |||
r-devel-windows-x86_64 | 0.5.0 | 17.00 | 124.00 | 141.00 | OK | |
r-patched-linux-x86_64 | OK | |||||
r-release-linux-x86_64 | 0.5.0 | 13.84 | 95.66 | 109.50 | OK | |
r-release-macos-arm64 | 0.5.0 | 47.00 | OK | |||
r-release-macos-x86_64 | 0.5.0 | 86.00 | OK | |||
r-release-windows-x86_64 | 0.5.0 | 16.00 | 117.00 | 133.00 | OK | |
r-oldrel-macos-arm64 | 0.5.0 | 46.00 | OK | |||
r-oldrel-macos-x86_64 | 0.5.0 | 72.00 | OK | |||
r-oldrel-windows-x86_64 | 0.5.0 | 22.00 | 146.00 | 168.00 | OK |
Version: 0.5.0
Check: CRAN incoming feasibility
Result: NOTE
Maintainer: ‘Chris Aberson <chris.aberson@gmail.com>’
No Authors@R field in DESCRIPTION.
Please add one, modifying
Authors@R: person(given = "Chris",
family = "Aberson",
role = c("aut", "cre"),
email = "chris.aberson@gmail.com")
as necessary.
Flavors: r-devel-linux-x86_64-debian-clang, r-devel-linux-x86_64-debian-gcc
These binaries (installable software) and packages are in development.
They may not be fully stable and should be used with caution. We make no claims about them.