CRAN Package Check Results for Package pwr2ppl

Last updated on 2025-10-23 21:51:37 CEST.

Flavor Version Tinstall Tcheck Ttotal Status Flags
r-devel-linux-x86_64-debian-clang 0.5.0 15.22 106.23 121.45 NOTE
r-devel-linux-x86_64-debian-gcc 0.5.0 9.48 67.01 76.49 NOTE
r-devel-linux-x86_64-fedora-clang 0.5.0 70.00 133.82 203.82 OK
r-devel-linux-x86_64-fedora-gcc 0.5.0 72.00 115.03 187.03 OK
r-devel-windows-x86_64 0.5.0 17.00 117.00 134.00 OK
r-patched-linux-x86_64 0.5.0 16.65 100.17 116.82 OK
r-release-linux-x86_64 0.5.0 15.00 99.94 114.94 OK
r-release-macos-arm64 0.5.0 6.00 41.00 47.00 OK
r-release-macos-x86_64 0.5.0 13.00 73.00 86.00 OK
r-release-windows-x86_64 0.5.0 16.00 119.00 135.00 OK
r-oldrel-macos-arm64 0.5.0 6.00 40.00 46.00 OK
r-oldrel-macos-x86_64 0.5.0 10.00 62.00 72.00 OK
r-oldrel-windows-x86_64 0.5.0 21.00 146.00 167.00 OK

Check Details

Version: 0.5.0
Check: CRAN incoming feasibility
Result: NOTE Maintainer: ‘Chris Aberson <chris.aberson@gmail.com>’ No Authors@R field in DESCRIPTION. Please add one, modifying Authors@R: person(given = "Chris", family = "Aberson", role = c("aut", "cre"), email = "chris.aberson@gmail.com") as necessary. Flavors: r-devel-linux-x86_64-debian-clang, r-devel-linux-x86_64-debian-gcc

These binaries (installable software) and packages are in development.
They may not be fully stable and should be used with caution. We make no claims about them.