Last updated on 2025-05-01 17:56:12 CEST.
Flavor | Version | Tinstall | Tcheck | Ttotal | Status | Flags |
---|---|---|---|---|---|---|
r-devel-linux-x86_64-debian-clang | 3.2.4 | 10.48 | 119.45 | 129.93 | NOTE | |
r-devel-linux-x86_64-debian-gcc | 3.2.4 | 7.56 | 79.15 | 86.71 | NOTE | |
r-devel-linux-x86_64-fedora-clang | 3.2.4 | 195.80 | NOTE | |||
r-devel-linux-x86_64-fedora-gcc | 3.2.4 | 202.69 | NOTE | |||
r-devel-windows-x86_64 | 3.2.4 | 12.00 | 151.00 | 163.00 | NOTE | |
r-patched-linux-x86_64 | 3.2.4 | 11.22 | 112.05 | 123.27 | NOTE | |
r-release-linux-x86_64 | NOTE | |||||
r-release-macos-arm64 | 3.2.4 | 63.00 | NOTE | |||
r-release-macos-x86_64 | 3.2.4 | 151.00 | NOTE | |||
r-release-windows-x86_64 | 3.2.4 | 15.00 | 152.00 | 167.00 | NOTE | |
r-oldrel-macos-arm64 | 3.2.4 | 68.00 | OK | |||
r-oldrel-macos-x86_64 | 3.2.4 | 117.00 | OK | |||
r-oldrel-windows-x86_64 | 3.2.4 | 14.00 | 179.00 | 193.00 | OK |
Version: 3.2.4
Check: DESCRIPTION meta-information
Result: NOTE
Missing dependency on R >= 4.1.0 because package code uses the pipe
|> or function shorthand \(...) syntax added in R 4.1.0.
File(s) using such syntax:
‘pwrFDR.R’
Flavors: r-devel-linux-x86_64-debian-clang, r-devel-linux-x86_64-debian-gcc, r-devel-linux-x86_64-fedora-clang, r-devel-linux-x86_64-fedora-gcc, r-devel-windows-x86_64, r-patched-linux-x86_64, r-release-linux-x86_64, r-release-macos-arm64, r-release-macos-x86_64, r-release-windows-x86_64
These binaries (installable software) and packages are in development.
They may not be fully stable and should be used with caution. We make no claims about them.