Last updated on 2025-05-01 17:56:12 CEST.
Flavor | Version | Tinstall | Tcheck | Ttotal | Status | Flags |
---|---|---|---|---|---|---|
r-devel-linux-x86_64-debian-clang | 0.1-2 | 2.66 | 21.52 | 24.18 | NOTE | |
r-devel-linux-x86_64-debian-gcc | 0.1-2 | 1.88 | 17.39 | 19.27 | NOTE | |
r-devel-linux-x86_64-fedora-clang | 0.1-2 | 38.09 | NOTE | |||
r-devel-linux-x86_64-fedora-gcc | 0.1-2 | 36.01 | NOTE | |||
r-devel-windows-x86_64 | 0.1-2 | 3.00 | 47.00 | 50.00 | NOTE | |
r-patched-linux-x86_64 | 0.1-2 | 2.84 | 20.91 | 23.75 | NOTE | |
r-release-linux-x86_64 | NOTE | |||||
r-release-macos-arm64 | 0.1-2 | 17.00 | NOTE | |||
r-release-macos-x86_64 | 0.1-2 | 27.00 | NOTE | |||
r-release-windows-x86_64 | 0.1-2 | 3.00 | 51.00 | 54.00 | NOTE | |
r-oldrel-macos-arm64 | 0.1-2 | 18.00 | NOTE | |||
r-oldrel-macos-x86_64 | 0.1-2 | 23.00 | NOTE | |||
r-oldrel-windows-x86_64 | 0.1-2 | 3.00 | 46.00 | 49.00 | NOTE |
Version: 0.1-2
Check: Rd files
Result: NOTE
checkRd: (-1) aid_st2.Rd:6: Escaped LaTeX specials: \&
Flavors: r-devel-linux-x86_64-debian-clang, r-devel-linux-x86_64-debian-gcc, r-devel-linux-x86_64-fedora-clang, r-devel-linux-x86_64-fedora-gcc, r-devel-windows-x86_64, r-patched-linux-x86_64, r-release-linux-x86_64, r-release-macos-arm64, r-release-macos-x86_64, r-release-windows-x86_64, r-oldrel-macos-arm64, r-oldrel-macos-x86_64, r-oldrel-windows-x86_64
These binaries (installable software) and packages are in development.
They may not be fully stable and should be used with caution. We make no claims about them.