Last updated on 2025-10-23 23:49:41 CEST.
| Flavor | Version | Tinstall | Tcheck | Ttotal | Status | Flags |
|---|---|---|---|---|---|---|
| r-devel-linux-x86_64-debian-clang | 7.1-1 | 7.46 | 22.18 | 29.64 | NOTE | |
| r-devel-linux-x86_64-debian-gcc | 7.1-1 | 6.01 | 17.95 | 23.96 | NOTE | |
| r-devel-linux-x86_64-fedora-clang | 7.1-1 | 30.00 | 15.43 | 45.43 | OK | |
| r-devel-linux-x86_64-fedora-gcc | 7.1-1 | 31.00 | 11.96 | 42.96 | OK | |
| r-devel-windows-x86_64 | 7.1-1 | 8.00 | 44.00 | 52.00 | OK | |
| r-patched-linux-x86_64 | 7.1-1 | 7.52 | 21.18 | 28.70 | OK | |
| r-release-linux-x86_64 | 7.1-1 | 7.02 | 21.07 | 28.09 | OK | |
| r-release-macos-arm64 | 7.1-1 | 6.00 | 19.00 | 25.00 | OK | |
| r-release-macos-x86_64 | 7.1-1 | 8.00 | 25.00 | 33.00 | OK | |
| r-release-windows-x86_64 | 7.1-1 | 8.00 | 48.00 | 56.00 | OK | |
| r-oldrel-macos-arm64 | 7.1-1 | 5.00 | 16.00 | 21.00 | NOTE | |
| r-oldrel-macos-x86_64 | 7.1-1 | 6.00 | 22.00 | 28.00 | NOTE | |
| r-oldrel-windows-x86_64 | 7.1-1 | 9.00 | 45.00 | 54.00 | NOTE |
Version: 7.1-1
Check: CRAN incoming feasibility
Result: NOTE
Maintainer: ‘Achim Zeileis <Achim.Zeileis@R-project.org>’
Package CITATION file contains call(s) to old-style personList() or
as.personList(). Please use c() on person objects instead.
Package CITATION file contains call(s) to old-style citEntry(). Please
use bibentry() instead.
Flavors: r-devel-linux-x86_64-debian-clang, r-devel-linux-x86_64-debian-gcc
Version: 7.1-1
Check: installed package size
Result: NOTE
installed size is 7.3Mb
sub-directories of 1Mb or more:
data 7.2Mb
Flavors: r-oldrel-macos-arm64, r-oldrel-macos-x86_64, r-oldrel-windows-x86_64
These binaries (installable software) and packages are in development.
They may not be fully stable and should be used with caution. We make no claims about them.