Last updated on 2025-05-01 22:49:52 CEST.
Flavor | Version | Tinstall | Tcheck | Ttotal | Status | Flags |
---|---|---|---|---|---|---|
r-devel-linux-x86_64-debian-clang | 1.5 | 1.92 | 17.46 | 19.38 | NOTE | |
r-devel-linux-x86_64-debian-gcc | 1.5 | 1.44 | 13.91 | 15.35 | NOTE | |
r-devel-linux-x86_64-fedora-clang | 1.5 | 30.34 | OK | |||
r-devel-linux-x86_64-fedora-gcc | 1.5 | 28.53 | OK | |||
r-devel-windows-x86_64 | 1.5 | 2.00 | 36.00 | 38.00 | OK | |
r-patched-linux-x86_64 | 1.5 | 1.99 | 17.03 | 19.02 | OK | |
r-release-linux-x86_64 | OK | |||||
r-release-macos-arm64 | 1.5 | 16.00 | OK | |||
r-release-macos-x86_64 | 1.5 | 22.00 | OK | |||
r-release-windows-x86_64 | 1.5 | 2.00 | 39.00 | 41.00 | OK | |
r-oldrel-macos-arm64 | 1.5 | 15.00 | OK | |||
r-oldrel-macos-x86_64 | 1.5 | 19.00 | OK | |||
r-oldrel-windows-x86_64 | 1.5 | 2.00 | 35.00 | 37.00 | OK |
Version: 1.5
Check: CRAN incoming feasibility
Result: NOTE
Maintainer: ‘Minato Nakazawa <minato-nakazawa@umin.net>’
No Authors@R field in DESCRIPTION.
Please add one, modifying
Authors@R: person(given = "Minato",
family = "Nakazawa",
role = c("aut", "cre"),
email = "minato-nakazawa@umin.net")
as necessary.
Flavors: r-devel-linux-x86_64-debian-clang, r-devel-linux-x86_64-debian-gcc
These binaries (installable software) and packages are in development.
They may not be fully stable and should be used with caution. We make no claims about them.