CRAN Package Check Results for Package qMRI

Last updated on 2025-05-01 17:56:12 CEST.

Flavor Version Tinstall Tcheck Ttotal Status Flags
r-devel-linux-x86_64-debian-clang 1.2.7.9 12.49 121.93 134.42 NOTE
r-devel-linux-x86_64-debian-gcc 1.2.7.9 8.08 81.90 89.98 OK
r-devel-linux-x86_64-fedora-clang 1.2.7.9 205.80 OK
r-devel-linux-x86_64-fedora-gcc 1.2.7.9 200.45 OK
r-devel-windows-x86_64 1.2.7.9 17.00 189.00 206.00 OK
r-patched-linux-x86_64 1.2.7.9 13.54 107.80 121.34 OK
r-release-linux-x86_64 OK
r-release-macos-arm64 1.2.7.9 105.00 OK
r-release-macos-x86_64 1.2.7.9 268.00 OK
r-release-windows-x86_64 1.2.7.9 20.00 193.00 213.00 OK
r-oldrel-macos-arm64 1.2.7.9 101.00 OK
r-oldrel-macos-x86_64 1.2.7.9 234.00 OK
r-oldrel-windows-x86_64 1.2.7.9 19.00 225.00 244.00 OK

Check Details

Version: 1.2.7.9
Check: examples
Result: NOTE Examples with CPU (user + system) or elapsed time > 5s user system elapsed calculateQI 5.215 0.030 6.517 writeQI 0.688 0.032 6.692 writeESTATICS 0.596 0.041 6.029 Flavor: r-devel-linux-x86_64-debian-clang

These binaries (installable software) and packages are in development.
They may not be fully stable and should be used with caution. We make no claims about them.