CRAN Package Check Results for Package qPCRhelper

Last updated on 2025-07-10 19:18:02 CEST.

Flavor Version Tinstall Tcheck Ttotal Status Flags
r-devel-linux-x86_64-debian-clang 0.1.0 3.99 39.15 43.14 NOTE
r-devel-linux-x86_64-debian-gcc 0.1.0 2.62 30.31 32.93 NOTE
r-devel-linux-x86_64-fedora-clang 0.1.0 69.39 OK
r-devel-linux-x86_64-fedora-gcc 0.1.0 77.10 OK
r-devel-windows-x86_64 0.1.0 5.00 62.00 67.00 OK
r-patched-linux-x86_64 0.1.0 3.98 37.05 41.03 OK
r-release-linux-x86_64 0.1.0 3.65 37.06 40.71 OK
r-release-macos-arm64 0.1.0 32.00 OK
r-release-macos-x86_64 0.1.0 54.00 OK
r-release-windows-x86_64 0.1.0 6.00 60.00 66.00 OK
r-oldrel-macos-arm64 0.1.0 32.00 OK
r-oldrel-macos-x86_64 0.1.0 46.00 OK
r-oldrel-windows-x86_64 0.1.0 7.00 68.00 75.00 OK

Check Details

Version: 0.1.0
Check: CRAN incoming feasibility
Result: NOTE Maintainer: ‘Wilson Jr. Aala <s98107020@gs.ncku.edu.tw>’ No Authors@R field in DESCRIPTION. Please add one, modifying Authors@R: person(given = c("Wilson", "Jr."), family = "Aala", role = c("aut", "cre"), email = "s98107020@gs.ncku.edu.tw") as necessary. Flavors: r-devel-linux-x86_64-debian-clang, r-devel-linux-x86_64-debian-gcc

These binaries (installable software) and packages are in development.
They may not be fully stable and should be used with caution. We make no claims about them.