Last updated on 2025-02-16 08:50:57 CET.
Flavor | Version | Tinstall | Tcheck | Ttotal | Status | Flags |
---|---|---|---|---|---|---|
r-devel-linux-x86_64-debian-clang | 2.1 | 15.09 | 135.92 | 151.01 | NOTE | |
r-devel-linux-x86_64-debian-gcc | 2.1 | 9.13 | 91.20 | 100.33 | NOTE | |
r-devel-linux-x86_64-fedora-clang | 2.1 | 240.94 | NOTE | |||
r-devel-linux-x86_64-fedora-gcc | 2.1 | 229.00 | NOTE | |||
r-devel-macos-arm64 | 2.1 | 64.00 | NOTE | |||
r-devel-macos-x86_64 | 2.1 | 163.00 | NOTE | |||
r-devel-windows-x86_64 | 2.1 | 16.00 | 140.00 | 156.00 | NOTE | |
r-patched-linux-x86_64 | 2.1 | 15.32 | 129.09 | 144.41 | NOTE | |
r-release-linux-x86_64 | 2.1 | 13.90 | 127.14 | 141.04 | NOTE | |
r-release-macos-arm64 | 2.1 | 63.00 | NOTE | |||
r-release-macos-x86_64 | 2.1 | 95.00 | NOTE | |||
r-release-windows-x86_64 | 2.1 | 16.00 | 147.00 | 163.00 | NOTE | |
r-oldrel-macos-arm64 | 2.1 | 67.00 | OK | |||
r-oldrel-macos-x86_64 | 2.1 | 134.00 | OK | |||
r-oldrel-windows-x86_64 | 2.1 | 20.00 | 171.00 | 191.00 | OK |
Version: 2.1
Check: Rd files
Result: NOTE
checkRd: (-1) srswrRe.Rd:10: Lost braces
10 | \item{listRanef}{{\emph{ranef(model)}} object where {\emph{model}} is an { \emph{lmer}} object.}
| ^
Flavors: r-devel-linux-x86_64-debian-clang, r-devel-linux-x86_64-debian-gcc, r-devel-linux-x86_64-fedora-clang, r-devel-linux-x86_64-fedora-gcc, r-devel-macos-arm64, r-devel-macos-x86_64, r-devel-windows-x86_64, r-patched-linux-x86_64, r-release-linux-x86_64, r-release-macos-arm64, r-release-macos-x86_64, r-release-windows-x86_64
These binaries (installable software) and packages are in development.
They may not be fully stable and should be used with caution. We make no claims about them.