CRAN Package Check Results for Package qcc

Last updated on 2025-07-26 01:51:00 CEST.

Flavor Version Tinstall Tcheck Ttotal Status Flags
r-devel-linux-x86_64-debian-clang 2.7 6.33 76.45 82.78 NOTE
r-devel-linux-x86_64-debian-gcc 2.7 3.64 57.86 61.50 NOTE
r-devel-linux-x86_64-fedora-clang 2.7 114.57 OK
r-devel-linux-x86_64-fedora-gcc 2.7 123.73 OK
r-devel-windows-x86_64 2.7 9.00 91.00 100.00 OK
r-patched-linux-x86_64 2.7 6.62 74.10 80.72 OK
r-release-linux-x86_64 2.7 4.74 74.16 78.90 OK
r-release-macos-arm64 2.7 35.00 OK
r-release-macos-x86_64 2.7 65.00 OK
r-release-windows-x86_64 2.7 6.00 75.00 81.00 OK
r-oldrel-macos-arm64 2.7 33.00 OK
r-oldrel-macos-x86_64 2.7 50.00 OK
r-oldrel-windows-x86_64 2.7 8.00 87.00 95.00 OK

Check Details

Version: 2.7
Check: CRAN incoming feasibility
Result: NOTE Maintainer: ‘Luca Scrucca <luca.scrucca@unipg.it>’ Package CITATION file contains call(s) to old-style personList() or as.personList(). Please use c() on person objects instead. Package CITATION file contains call(s) to old-style citEntry(). Please use bibentry() instead. Flavors: r-devel-linux-x86_64-debian-clang, r-devel-linux-x86_64-debian-gcc

These binaries (installable software) and packages are in development.
They may not be fully stable and should be used with caution. We make no claims about them.