Last updated on 2025-05-01 08:52:42 CEST.
Flavor | Version | Tinstall | Tcheck | Ttotal | Status | Flags |
---|---|---|---|---|---|---|
r-devel-linux-x86_64-debian-clang | 4.1 | 13.44 | 114.91 | 128.35 | NOTE | |
r-devel-linux-x86_64-debian-gcc | 4.1 | 9.38 | 80.28 | 89.66 | OK | |
r-devel-linux-x86_64-fedora-clang | 4.1 | 202.32 | OK | |||
r-devel-linux-x86_64-fedora-gcc | 4.1 | 193.89 | OK | |||
r-devel-windows-x86_64 | 4.1 | 17.00 | 135.00 | 152.00 | OK | |
r-patched-linux-x86_64 | 4.1 | 14.06 | 110.03 | 124.09 | OK | |
r-release-linux-x86_64 | OK | |||||
r-release-macos-arm64 | 4.1 | 61.00 | OK | |||
r-release-macos-x86_64 | 4.1 | 109.00 | OK | |||
r-release-windows-x86_64 | 4.1 | 17.00 | 134.00 | 151.00 | OK | |
r-oldrel-macos-arm64 | 4.1 | 65.00 | OK | |||
r-oldrel-macos-x86_64 | 4.1 | 132.00 | OK | |||
r-oldrel-windows-x86_64 | 4.1 | 19.00 | 160.00 | 179.00 | OK |
Version: 4.1
Check: examples
Result: NOTE
Examples with CPU (user + system) or elapsed time > 5s
user system elapsed
qdft 0.366 0.005 6.127
Flavor: r-devel-linux-x86_64-debian-clang
Version: 4.1
Check: examples
Result: NA
user system elapsed
qdft 0.192 0.013 5.237
OK
Flavor: r-devel-linux-x86_64-debian-gcc
These binaries (installable software) and packages are in development.
They may not be fully stable and should be used with caution. We make no claims about them.