CRAN Package Check Results for Package qfasar

Last updated on 2025-07-25 01:49:36 CEST.

Flavor Version Tinstall Tcheck Ttotal Status Flags
r-devel-linux-x86_64-debian-clang 1.2.1 5.00 48.88 53.88 OK
r-devel-linux-x86_64-debian-gcc 1.2.1 3.64 34.73 38.37 OK
r-devel-linux-x86_64-fedora-clang 1.2.1 85.09 OK
r-devel-linux-x86_64-fedora-gcc 1.2.1 93.27 OK
r-devel-windows-x86_64 1.2.1 6.00 90.00 96.00 OK
r-patched-linux-x86_64 1.2.1 5.65 46.13 51.78 OK
r-release-linux-x86_64 1.2.1 4.30 46.96 51.26 OK
r-release-macos-arm64 1.2.1 47.00 OK
r-release-macos-x86_64 1.2.1 86.00 OK
r-release-windows-x86_64 1.2.1 6.00 75.00 81.00 OK
r-oldrel-macos-arm64 1.2.1 36.00 NOTE
r-oldrel-macos-x86_64 1.2.1 76.00 NOTE
r-oldrel-windows-x86_64 1.2.1 8.00 86.00 94.00 NOTE

Check Details

Version: 1.2.1
Check: LazyData
Result: NOTE 'LazyData' is specified without a 'data' directory Flavors: r-oldrel-macos-arm64, r-oldrel-macos-x86_64, r-oldrel-windows-x86_64

These binaries (installable software) and packages are in development.
They may not be fully stable and should be used with caution. We make no claims about them.