Last updated on 2024-07-27 15:50:30 CEST.
Flavor | Version | Tinstall | Tcheck | Ttotal | Status | Flags |
---|---|---|---|---|---|---|
r-devel-linux-x86_64-debian-clang | 1.1.1 | 421.91 | 219.84 | 641.75 | OK | |
r-devel-linux-x86_64-debian-gcc | 1.1.1 | OK | ||||
r-devel-linux-x86_64-fedora-clang | 1.1.1 | 818.97 | OK | |||
r-devel-linux-x86_64-fedora-gcc | 1.1.1 | 989.85 | OK | |||
r-devel-windows-x86_64 | 1.1.1 | 320.00 | 198.00 | 518.00 | OK | |
r-patched-linux-x86_64 | 1.1.1 | OK | ||||
r-release-linux-x86_64 | 1.1.1 | 370.42 | 231.88 | 602.30 | OK | |
r-release-macos-arm64 | 1.1.1 | 209.00 | NOTE | |||
r-release-macos-x86_64 | 1.1.1 | 240.00 | NOTE | |||
r-release-windows-x86_64 | 1.1.1 | 327.00 | 197.00 | 524.00 | OK | |
r-oldrel-macos-arm64 | 1.1.1 | 184.00 | NOTE | |||
r-oldrel-macos-x86_64 | 1.1.1 | 416.00 | NOTE | |||
r-oldrel-windows-x86_64 | 1.1.1 | 381.00 | 248.00 | 629.00 | OK |
Version: 1.1.1
Check: installed package size
Result: NOTE
installed size is 145.3Mb
sub-directories of 1Mb or more:
libs 144.1Mb
Flavors: r-release-macos-arm64, r-release-macos-x86_64, r-oldrel-macos-arm64, r-oldrel-macos-x86_64
These binaries (installable software) and packages are in development.
They may not be fully stable and should be used with caution. We make no claims about them.