Last updated on 2025-05-21 21:49:27 CEST.
Flavor | Version | Tinstall | Tcheck | Ttotal | Status | Flags |
---|---|---|---|---|---|---|
r-devel-linux-x86_64-debian-clang | 1.1.1 | 296.68 | 181.47 | 478.15 | OK | |
r-devel-linux-x86_64-debian-gcc | 1.1.1 | 262.00 | 133.67 | 395.67 | OK | |
r-devel-linux-x86_64-fedora-clang | 1.1.1 | 796.06 | OK | |||
r-devel-linux-x86_64-fedora-gcc | 1.1.1 | 1085.33 | OK | |||
r-devel-windows-x86_64 | 1.1.1 | 326.00 | 222.00 | 548.00 | OK | |
r-patched-linux-x86_64 | 1.1.1 | 356.38 | 188.33 | 544.71 | OK | |
r-release-linux-x86_64 | 1.1.1 | 349.17 | 188.29 | 537.46 | OK | |
r-release-macos-arm64 | 1.1.1 | 223.00 | OK | |||
r-release-macos-x86_64 | 1.1.1 | 305.00 | OK | |||
r-release-windows-x86_64 | 1.1.1 | 328.00 | 228.00 | 556.00 | OK | |
r-oldrel-macos-arm64 | 1.1.1 | 209.00 | NOTE | |||
r-oldrel-macos-x86_64 | 1.1.1 | 240.00 | NOTE | |||
r-oldrel-windows-x86_64 | 1.1.1 | 376.00 | 266.00 | 642.00 | OK |
Version: 1.1.1
Check: installed package size
Result: NOTE
installed size is 145.3Mb
sub-directories of 1Mb or more:
libs 144.1Mb
Flavors: r-oldrel-macos-arm64, r-oldrel-macos-x86_64
These binaries (installable software) and packages are in development.
They may not be fully stable and should be used with caution. We make no claims about them.