Last updated on 2025-11-13 21:50:05 CET.
| Flavor | Version | Tinstall | Tcheck | Ttotal | Status | Flags |
|---|---|---|---|---|---|---|
| r-devel-linux-x86_64-debian-clang | 1.1.1 | 306.73 | 185.56 | 492.29 | OK | |
| r-devel-linux-x86_64-debian-gcc | 1.1.1 | 261.13 | 136.45 | 397.58 | OK | |
| r-devel-linux-x86_64-fedora-clang | 1.1.1 | 348.00 | 404.96 | 752.96 | OK | |
| r-devel-linux-x86_64-fedora-gcc | 1.1.1 | 370.00 | 584.49 | 954.49 | OK | |
| r-devel-windows-x86_64 | 1.1.1 | 317.00 | 205.00 | 522.00 | OK | |
| r-patched-linux-x86_64 | 1.1.1 | 360.43 | 190.37 | 550.80 | OK | |
| r-release-linux-x86_64 | 1.1.1 | 359.93 | 192.90 | 552.83 | OK | |
| r-release-macos-arm64 | 1.1.1 | 144.00 | 79.00 | 223.00 | OK | |
| r-release-macos-x86_64 | 1.1.1 | 133.00 | 172.00 | 305.00 | OK | |
| r-release-windows-x86_64 | 1.1.1 | 318.00 | 202.00 | 520.00 | OK | |
| r-oldrel-macos-arm64 | 1.1.1 | 138.00 | 71.00 | 209.00 | NOTE | |
| r-oldrel-macos-x86_64 | 1.1.1 | 114.00 | 126.00 | 240.00 | NOTE | |
| r-oldrel-windows-x86_64 | 1.1.1 | 383.00 | 271.00 | 654.00 | OK |
Version: 1.1.1
Check: installed package size
Result: NOTE
installed size is 145.3Mb
sub-directories of 1Mb or more:
libs 144.1Mb
Flavors: r-oldrel-macos-arm64, r-oldrel-macos-x86_64
These binaries (installable software) and packages are in development.
They may not be fully stable and should be used with caution. We make no claims about them.