Last updated on 2025-07-25 01:49:36 CEST.
Flavor | Version | Tinstall | Tcheck | Ttotal | Status | Flags |
---|---|---|---|---|---|---|
r-devel-linux-x86_64-debian-clang | 1.1.1 | 302.15 | 180.07 | 482.22 | OK | |
r-devel-linux-x86_64-debian-gcc | 1.1.1 | 260.18 | 139.75 | 399.93 | OK | |
r-devel-linux-x86_64-fedora-clang | 1.1.1 | 860.01 | OK | |||
r-devel-linux-x86_64-fedora-gcc | 1.1.1 | 934.14 | OK | |||
r-devel-windows-x86_64 | 1.1.1 | 325.00 | 228.00 | 553.00 | OK | |
r-patched-linux-x86_64 | 1.1.1 | 349.79 | 185.65 | 535.44 | OK | |
r-release-linux-x86_64 | 1.1.1 | 344.50 | 187.54 | 532.04 | OK | |
r-release-macos-arm64 | 1.1.1 | 223.00 | OK | |||
r-release-macos-x86_64 | 1.1.1 | 305.00 | OK | |||
r-release-windows-x86_64 | 1.1.1 | 327.00 | 204.00 | 531.00 | OK | |
r-oldrel-macos-arm64 | 1.1.1 | 209.00 | NOTE | |||
r-oldrel-macos-x86_64 | 1.1.1 | 240.00 | NOTE | |||
r-oldrel-windows-x86_64 | 1.1.1 | 385.00 | 267.00 | 652.00 | OK |
Version: 1.1.1
Check: installed package size
Result: NOTE
installed size is 145.3Mb
sub-directories of 1Mb or more:
libs 144.1Mb
Flavors: r-oldrel-macos-arm64, r-oldrel-macos-x86_64
These binaries (installable software) and packages are in development.
They may not be fully stable and should be used with caution. We make no claims about them.