Last updated on 2025-11-21 05:49:58 CET.
| Flavor | Version | Tinstall | Tcheck | Ttotal | Status | Flags |
|---|---|---|---|---|---|---|
| r-devel-linux-x86_64-debian-clang | 2.0.0 | 12.97 | 438.74 | 451.71 | OK | |
| r-devel-linux-x86_64-debian-gcc | 2.0.0 | 9.94 | 349.95 | 359.89 | OK | |
| r-devel-linux-x86_64-fedora-clang | 2.0.0 | 38.00 | 652.48 | 690.48 | OK | |
| r-devel-linux-x86_64-fedora-gcc | 2.0.0 | 30.00 | 685.47 | 715.47 | OK | |
| r-devel-windows-x86_64 | 2.0.0 | 20.00 | 450.00 | 470.00 | OK | |
| r-patched-linux-x86_64 | 2.0.0 | 11.87 | 463.31 | 475.18 | OK | |
| r-release-linux-x86_64 | 2.0.0 | 12.20 | 460.40 | 472.60 | OK | |
| r-release-macos-arm64 | 2.0.0 | OK | ||||
| r-release-macos-x86_64 | 2.0.0 | 15.00 | 621.00 | 636.00 | OK | |
| r-release-windows-x86_64 | 2.0.0 | 18.00 | 460.00 | 478.00 | OK | |
| r-oldrel-macos-arm64 | 2.0.0 | NOTE | ||||
| r-oldrel-macos-x86_64 | 2.0.0 | 24.00 | 663.00 | 687.00 | NOTE | |
| r-oldrel-windows-x86_64 | 2.0.0 | 21.00 | 590.00 | 611.00 | NOTE |
Version: 2.0.0
Check: installed package size
Result: NOTE
installed size is 6.0Mb
sub-directories of 1Mb or more:
doc 5.2Mb
Flavors: r-oldrel-macos-arm64, r-oldrel-macos-x86_64, r-oldrel-windows-x86_64
These binaries (installable software) and packages are in development.
They may not be fully stable and should be used with caution. We make no claims about them.