CRAN Package Check Results for Package qgam

Last updated on 2025-05-08 04:52:15 CEST.

Flavor Version Tinstall Tcheck Ttotal Status Flags
r-devel-linux-x86_64-debian-clang 2.0.0 11.41 440.23 451.64 OK
r-devel-linux-x86_64-debian-gcc 2.0.0 8.84 350.13 358.97 OK
r-devel-linux-x86_64-fedora-clang 2.0.0 690.78 OK
r-devel-linux-x86_64-fedora-gcc 2.0.0 707.32 OK
r-devel-windows-x86_64 2.0.0 16.00 464.00 480.00 OK
r-patched-linux-x86_64 2.0.0 12.23 454.13 466.36 OK
r-release-linux-x86_64 2.0.0 11.00 455.12 466.12 OK
r-release-macos-arm64 2.0.0 289.00 OK
r-release-macos-x86_64 2.0.0 636.00 OK
r-release-windows-x86_64 2.0.0 18.00 470.00 488.00 OK
r-oldrel-macos-arm64 2.0.0 318.00 NOTE
r-oldrel-macos-x86_64 2.0.0 687.00 NOTE
r-oldrel-windows-x86_64 2.0.0 22.00 604.00 626.00 NOTE

Check Details

Version: 2.0.0
Check: installed package size
Result: NOTE installed size is 6.0Mb sub-directories of 1Mb or more: doc 5.2Mb Flavors: r-oldrel-macos-arm64, r-oldrel-macos-x86_64, r-oldrel-windows-x86_64

These binaries (installable software) and packages are in development.
They may not be fully stable and should be used with caution. We make no claims about them.